{"version":"1.0","provider_name":"Iraurgi Berritzen","provider_url":"https:\/\/iraurgiberritzen.eus\/es\/","author_name":"kudeatzailea","author_url":"https:\/\/iraurgiberritzen.eus\/es\/author\/kudeatzailea\/","title":"Desarrollada la segunda edici\u00f3n del Programa Bidelan - Iraurgi Berritzen","type":"rich","width":600,"height":338,"html":"<blockquote class=\"wp-embedded-content\" data-secret=\"MJUxeeMyUn\"><a href=\"https:\/\/iraurgiberritzen.eus\/es\/desarrollada-la-segunda-edicion-del-programa-bidelan\/\">Desarrollada la segunda edici\u00f3n del Programa Bidelan<\/a><\/blockquote><iframe sandbox=\"allow-scripts\" security=\"restricted\" src=\"https:\/\/iraurgiberritzen.eus\/es\/desarrollada-la-segunda-edicion-del-programa-bidelan\/embed\/#?secret=MJUxeeMyUn\" width=\"600\" height=\"338\" title=\"\u00abDesarrollada la segunda edici\u00f3n del Programa Bidelan\u00bb \u2014 Iraurgi Berritzen\" data-secret=\"MJUxeeMyUn\" frameborder=\"0\" marginwidth=\"0\" marginheight=\"0\" scrolling=\"no\" class=\"wp-embedded-content\"><\/iframe><script>\n\/*! This file is auto-generated *\/\n!function(d,l){\"use strict\";l.querySelector&&d.addEventListener&&\"undefined\"!=typeof URL&&(d.wp=d.wp||{},d.wp.receiveEmbedMessage||(d.wp.receiveEmbedMessage=function(e){var t=e.data;if((t||t.secret||t.message||t.value)&&!\/[^a-zA-Z0-9]\/.test(t.secret)){for(var s,r,n,a=l.querySelectorAll('iframe[data-secret=\"'+t.secret+'\"]'),o=l.querySelectorAll('blockquote[data-secret=\"'+t.secret+'\"]'),c=new RegExp(\"^https?:$\",\"i\"),i=0;i<o.length;i++)o[i].style.display=\"none\";for(i=0;i<a.length;i++)s=a[i],e.source===s.contentWindow&&(s.removeAttribute(\"style\"),\"height\"===t.message?(1e3<(r=parseInt(t.value,10))?r=1e3:~~r<200&&(r=200),s.height=r):\"link\"===t.message&&(r=new URL(s.getAttribute(\"src\")),n=new URL(t.value),c.test(n.protocol))&&n.host===r.host&&l.activeElement===s&&(d.top.location.href=t.value))}},d.addEventListener(\"message\",d.wp.receiveEmbedMessage,!1),l.addEventListener(\"DOMContentLoaded\",function(){for(var e,t,s=l.querySelectorAll(\"iframe.wp-embedded-content\"),r=0;r<s.length;r++)(t=(e=s[r]).getAttribute(\"data-secret\"))||(t=Math.random().toString(36).substring(2,12),e.src+=\"#?secret=\"+t,e.setAttribute(\"data-secret\",t)),e.contentWindow.postMessage({message:\"ready\",secret:t},\"*\")},!1)))}(window,document);\n\/\/# sourceURL=https:\/\/iraurgiberritzen.eus\/wp-includes\/js\/wp-embed.min.js\n<\/script>\n","thumbnail_url":"https:\/\/iraurgiberritzen.eus\/wp-content\/uploads\/2023\/09\/6964130a6e5a2ce8c5a7fab6251afd2e.jpg","thumbnail_width":600,"thumbnail_height":386,"description":"Desde el \u00e1rea de empleo de Iraurgi Berritzen se ha desarrollado, del 14 al 30 de mayo, la segunda edici\u00f3n del Programa Bidelan, con la participaci\u00f3n de 17 personas. 15 son mujeres y nos hemos dirigido sobre todo a este colectivo, porque su tasa de desempleo es mayor en comparaci\u00f3n con los hombres. En trece [&hellip;]"}

Desarrollada la segunda edición del Programa Bidelan - Iraurgi Berritzen

<blockquote class="wp-embedded-content" data-secret="MJUxeeMyUn"><a href="https://iraurgiberritzen.eus/es/desarrollada-la-segunda-edicion-del-programa-bidelan/">Desarrollada la segunda edición del Programa Bidelan</a></blockquote><iframe sandbox="allow-scripts" security="restricted" src="https://iraurgiberritzen.eus/es/desarrollada-la-segunda-edicion-del-programa-bidelan/embed/#?secret=MJUxeeMyUn" width="600" height="338" title="«Desarrollada la segunda edición del Programa Bidelan» — Iraurgi Berritzen" data-secret="MJUxeeMyUn" frameborder="0" marginwidth="0" marginheight="0" scrolling="no" class="wp-embedded-content"></iframe><script>
/*! This file is auto-generated */
!function(d,l){"use strict";l.querySelector&&d.addEventListener&&"undefined"!=typeof URL&&(d.wp=d.wp||{},d.wp.receiveEmbedMessage||(d.wp.receiveEmbedMessage=function(e){var t=e.data;if((t||t.secret||t.message||t.value)&&!/[^a-zA-Z0-9]/.test(t.secret)){for(var s,r,n,a=l.querySelectorAll('iframe[data-secret="'+t.secret+'"]'),o=l.querySelectorAll('blockquote[data-secret="'+t.secret+'"]'),c=new RegExp("^https?:$","i"),i=0;i<o.length;i++)o[i].style.display="none";for(i=0;i<a.length;i++)s=a[i],e.source===s.contentWindow&&(s.removeAttribute("style"),"height"===t.message?(1e3<(r=parseInt(t.value,10))?r=1e3:~~r<200&&(r=200),s.height=r):"link"===t.message&&(r=new URL(s.getAttribute("src")),n=new URL(t.value),c.test(n.protocol))&&n.host===r.host&&l.activeElement===s&&(d.top.location.href=t.value))}},d.addEventListener("message",d.wp.receiveEmbedMessage,!1),l.addEventListener("DOMContentLoaded",function(){for(var e,t,s=l.querySelectorAll("iframe.wp-embedded-content"),r=0;r<s.length;r++)(t=(e=s[r]).getAttribute("data-secret"))||(t=Math.random().toString(36).substring(2,12),e.src+="#?secret="+t,e.setAttribute("data-secret",t)),e.contentWindow.postMessage({message:"ready",secret:t},"*")},!1)))}(window,document);
//# sourceURL=https://iraurgiberritzen.eus/wp-includes/js/wp-embed.min.js
</script>

Desde el área de empleo de Iraurgi Berritzen se ha desarrollado, del 14 al 30 de mayo, la segunda edición del Programa Bidelan, con la participación de 17 personas. 15 son mujeres y nos hemos dirigido sobre todo a este colectivo, porque su tasa de desempleo es mayor en comparación con los hombres. En trece [&hellip;]
