{"version":"1.0","provider_name":"Iraurgi Berritzen","provider_url":"https:\/\/iraurgiberritzen.eus\/es\/","author_name":"kudeatzailea","author_url":"https:\/\/iraurgiberritzen.eus\/es\/author\/kudeatzailea\/","title":"El desempleo sigue descendiendo en Urola Erdia - Iraurgi Berritzen","type":"rich","width":600,"height":338,"html":"<blockquote class=\"wp-embedded-content\" data-secret=\"sqGJOtDx8Z\"><a href=\"https:\/\/iraurgiberritzen.eus\/es\/el-desempleo-sigue-descendiendo-en-urola-erdia\/\">El desempleo sigue descendiendo en Urola Erdia<\/a><\/blockquote><iframe sandbox=\"allow-scripts\" security=\"restricted\" src=\"https:\/\/iraurgiberritzen.eus\/es\/el-desempleo-sigue-descendiendo-en-urola-erdia\/embed\/#?secret=sqGJOtDx8Z\" width=\"600\" height=\"338\" title=\"\u00abEl desempleo sigue descendiendo en Urola Erdia\u00bb \u2014 Iraurgi Berritzen\" data-secret=\"sqGJOtDx8Z\" frameborder=\"0\" marginwidth=\"0\" marginheight=\"0\" scrolling=\"no\" class=\"wp-embedded-content\"><\/iframe><script>\n\/*! This file is auto-generated *\/\n!function(d,l){\"use strict\";l.querySelector&&d.addEventListener&&\"undefined\"!=typeof URL&&(d.wp=d.wp||{},d.wp.receiveEmbedMessage||(d.wp.receiveEmbedMessage=function(e){var t=e.data;if((t||t.secret||t.message||t.value)&&!\/[^a-zA-Z0-9]\/.test(t.secret)){for(var s,r,n,a=l.querySelectorAll('iframe[data-secret=\"'+t.secret+'\"]'),o=l.querySelectorAll('blockquote[data-secret=\"'+t.secret+'\"]'),c=new RegExp(\"^https?:$\",\"i\"),i=0;i<o.length;i++)o[i].style.display=\"none\";for(i=0;i<a.length;i++)s=a[i],e.source===s.contentWindow&&(s.removeAttribute(\"style\"),\"height\"===t.message?(1e3<(r=parseInt(t.value,10))?r=1e3:~~r<200&&(r=200),s.height=r):\"link\"===t.message&&(r=new URL(s.getAttribute(\"src\")),n=new URL(t.value),c.test(n.protocol))&&n.host===r.host&&l.activeElement===s&&(d.top.location.href=t.value))}},d.addEventListener(\"message\",d.wp.receiveEmbedMessage,!1),l.addEventListener(\"DOMContentLoaded\",function(){for(var e,t,s=l.querySelectorAll(\"iframe.wp-embedded-content\"),r=0;r<s.length;r++)(t=(e=s[r]).getAttribute(\"data-secret\"))||(t=Math.random().toString(36).substring(2,12),e.src+=\"#?secret=\"+t,e.setAttribute(\"data-secret\",t)),e.contentWindow.postMessage({message:\"ready\",secret:t},\"*\")},!1)))}(window,document);\n\/\/# sourceURL=https:\/\/iraurgiberritzen.eus\/wp-includes\/js\/wp-embed.min.js\n<\/script>\n","thumbnail_url":"https:\/\/iraurgiberritzen.eus\/wp-content\/uploads\/2023\/09\/44b8e294b797b5cf0e8d4bc59cfd40e3.jpg","thumbnail_width":400,"thumbnail_height":259,"description":"En Urola Erdia, a finales de Abril de 2023, seg\u00fan el Servicio Vasco de Empleo Lanbide, se han contabilizado 1.171 personas en situaci\u00f3n de desempleo. Aunque aumenta ligeramente el n\u00famero de parados contabilizados entre Marzo y Abril, contin\u00faa la buena evoluci\u00f3n del \u00faltimo a\u00f1o. De hecho, en la comarca se han contabilizado 57 parados menos [&hellip;]"}

En Urola Erdia, a finales de Abril de 2023, según el Servicio Vasco de Empleo Lanbide, se han contabilizado 1.171 personas en situación de desempleo. Aunque aumenta ligeramente el número de parados contabilizados entre Marzo y Abril, continúa la buena evolución del último año. De hecho, en la comarca se han contabilizado 57 parados menos [&hellip;]
