{"version":"1.0","provider_name":"Iraurgi Berritzen","provider_url":"https:\/\/iraurgiberritzen.eus\/es\/","author_name":"kudeatzailea","author_url":"https:\/\/iraurgiberritzen.eus\/es\/author\/kudeatzailea\/","title":"Iraurgi Berritzen organiza una jornada bajo el lema - Iraurgi Berritzen","type":"rich","width":600,"height":338,"html":"<blockquote class=\"wp-embedded-content\" data-secret=\"A4hNOrrSJw\"><a href=\"https:\/\/iraurgiberritzen.eus\/es\/iraurgi-berritzen-organiza-una-jornada-bajo-el-lema\/\">Iraurgi Berritzen organiza una jornada bajo el lema<\/a><\/blockquote><iframe sandbox=\"allow-scripts\" security=\"restricted\" src=\"https:\/\/iraurgiberritzen.eus\/es\/iraurgi-berritzen-organiza-una-jornada-bajo-el-lema\/embed\/#?secret=A4hNOrrSJw\" width=\"600\" height=\"338\" title=\"\u00abIraurgi Berritzen organiza una jornada bajo el lema\u00bb \u2014 Iraurgi Berritzen\" data-secret=\"A4hNOrrSJw\" frameborder=\"0\" marginwidth=\"0\" marginheight=\"0\" scrolling=\"no\" class=\"wp-embedded-content\"><\/iframe><script>\n\/*! This file is auto-generated *\/\n!function(d,l){\"use strict\";l.querySelector&&d.addEventListener&&\"undefined\"!=typeof URL&&(d.wp=d.wp||{},d.wp.receiveEmbedMessage||(d.wp.receiveEmbedMessage=function(e){var t=e.data;if((t||t.secret||t.message||t.value)&&!\/[^a-zA-Z0-9]\/.test(t.secret)){for(var s,r,n,a=l.querySelectorAll('iframe[data-secret=\"'+t.secret+'\"]'),o=l.querySelectorAll('blockquote[data-secret=\"'+t.secret+'\"]'),c=new RegExp(\"^https?:$\",\"i\"),i=0;i<o.length;i++)o[i].style.display=\"none\";for(i=0;i<a.length;i++)s=a[i],e.source===s.contentWindow&&(s.removeAttribute(\"style\"),\"height\"===t.message?(1e3<(r=parseInt(t.value,10))?r=1e3:~~r<200&&(r=200),s.height=r):\"link\"===t.message&&(r=new URL(s.getAttribute(\"src\")),n=new URL(t.value),c.test(n.protocol))&&n.host===r.host&&l.activeElement===s&&(d.top.location.href=t.value))}},d.addEventListener(\"message\",d.wp.receiveEmbedMessage,!1),l.addEventListener(\"DOMContentLoaded\",function(){for(var e,t,s=l.querySelectorAll(\"iframe.wp-embedded-content\"),r=0;r<s.length;r++)(t=(e=s[r]).getAttribute(\"data-secret\"))||(t=Math.random().toString(36).substring(2,12),e.src+=\"#?secret=\"+t,e.setAttribute(\"data-secret\",t)),e.contentWindow.postMessage({message:\"ready\",secret:t},\"*\")},!1)))}(window,document);\n\/\/# sourceURL=https:\/\/iraurgiberritzen.eus\/wp-includes\/js\/wp-embed.min.js\n<\/script>\n","thumbnail_url":"https:\/\/iraurgiberritzen.eus\/wp-content\/uploads\/2023\/09\/391d45802a606be64095bd7b66c67316.jpg","thumbnail_width":600,"thumbnail_height":390,"description":"Iraurgi Berritzen, en colaboraci\u00f3n con la C\u00e1mara de Comercio de Gipuzkoa, ha organizado una jornada, el pr\u00f3ximo d\u00eda 22 de Septiembre, bajo el t\u00edtulo \u00abEl Mercado del Norte de \u00c1frica\u00bb. \u00daltimamente, la crisis tambi\u00e9n ha afectado a mercados tradicionales de Europa y muchas empresas han visto la necesidad de salir fuera del mercado europeo. Pero [&hellip;]"}

Iraurgi Berritzen, en colaboración con la Cámara de Comercio de Gipuzkoa, ha organizado una jornada, el próximo día 22 de Septiembre, bajo el título «El Mercado del Norte de África». Últimamente, la crisis también ha afectado a mercados tradicionales de Europa y muchas empresas han visto la necesidad de salir fuera del mercado europeo. Pero [&hellip;]
