{"version":"1.0","provider_name":"Iraurgi Berritzen","provider_url":"https:\/\/iraurgiberritzen.eus\/es\/","author_name":"kudeatzailea","author_url":"https:\/\/iraurgiberritzen.eus\/es\/author\/kudeatzailea\/","title":"Los comerciantes afrontan el reto de la digitalizaci\u00f3n - Iraurgi Berritzen","type":"rich","width":600,"height":338,"html":"<blockquote class=\"wp-embedded-content\" data-secret=\"bTdy9LnOh3\"><a href=\"https:\/\/iraurgiberritzen.eus\/es\/los-comerciantes-afrontan-el-reto-de-la-digitalizacion\/\">Los comerciantes afrontan el reto de la digitalizaci\u00f3n<\/a><\/blockquote><iframe sandbox=\"allow-scripts\" security=\"restricted\" src=\"https:\/\/iraurgiberritzen.eus\/es\/los-comerciantes-afrontan-el-reto-de-la-digitalizacion\/embed\/#?secret=bTdy9LnOh3\" width=\"600\" height=\"338\" title=\"\u00abLos comerciantes afrontan el reto de la digitalizaci\u00f3n\u00bb \u2014 Iraurgi Berritzen\" data-secret=\"bTdy9LnOh3\" frameborder=\"0\" marginwidth=\"0\" marginheight=\"0\" scrolling=\"no\" class=\"wp-embedded-content\"><\/iframe><script>\n\/*! This file is auto-generated *\/\n!function(d,l){\"use strict\";l.querySelector&&d.addEventListener&&\"undefined\"!=typeof URL&&(d.wp=d.wp||{},d.wp.receiveEmbedMessage||(d.wp.receiveEmbedMessage=function(e){var t=e.data;if((t||t.secret||t.message||t.value)&&!\/[^a-zA-Z0-9]\/.test(t.secret)){for(var s,r,n,a=l.querySelectorAll('iframe[data-secret=\"'+t.secret+'\"]'),o=l.querySelectorAll('blockquote[data-secret=\"'+t.secret+'\"]'),c=new RegExp(\"^https?:$\",\"i\"),i=0;i<o.length;i++)o[i].style.display=\"none\";for(i=0;i<a.length;i++)s=a[i],e.source===s.contentWindow&&(s.removeAttribute(\"style\"),\"height\"===t.message?(1e3<(r=parseInt(t.value,10))?r=1e3:~~r<200&&(r=200),s.height=r):\"link\"===t.message&&(r=new URL(s.getAttribute(\"src\")),n=new URL(t.value),c.test(n.protocol))&&n.host===r.host&&l.activeElement===s&&(d.top.location.href=t.value))}},d.addEventListener(\"message\",d.wp.receiveEmbedMessage,!1),l.addEventListener(\"DOMContentLoaded\",function(){for(var e,t,s=l.querySelectorAll(\"iframe.wp-embedded-content\"),r=0;r<s.length;r++)(t=(e=s[r]).getAttribute(\"data-secret\"))||(t=Math.random().toString(36).substring(2,12),e.src+=\"#?secret=\"+t,e.setAttribute(\"data-secret\",t)),e.contentWindow.postMessage({message:\"ready\",secret:t},\"*\")},!1)))}(window,document);\n\/\/# sourceURL=https:\/\/iraurgiberritzen.eus\/wp-includes\/js\/wp-embed.min.js\n<\/script>\n","thumbnail_url":"https:\/\/iraurgiberritzen.eus\/wp-content\/uploads\/2023\/09\/c435ffd4918b356927e6ff03a359e0db.jpg","thumbnail_width":600,"thumbnail_height":386,"description":"Los comerciantes de Urola Erdia han participado en la formaci\u00f3n Whatsapp Business de la mano de la Camara de Comercio de Gipuzkoa. Las sesiones de formaci\u00f3n han tenido lugar durante dos d\u00edas y en ellas, de forma pr\u00e1ctica y apoy\u00e1ndose en el m\u00f3vil de cada uno, se ha podido conocer las posibilidades y aplicaciones que [&hellip;]"}

Los comerciantes afrontan el reto de la digitalización - Iraurgi Berritzen

<blockquote class="wp-embedded-content" data-secret="bTdy9LnOh3"><a href="https://iraurgiberritzen.eus/es/los-comerciantes-afrontan-el-reto-de-la-digitalizacion/">Los comerciantes afrontan el reto de la digitalización</a></blockquote><iframe sandbox="allow-scripts" security="restricted" src="https://iraurgiberritzen.eus/es/los-comerciantes-afrontan-el-reto-de-la-digitalizacion/embed/#?secret=bTdy9LnOh3" width="600" height="338" title="«Los comerciantes afrontan el reto de la digitalización» — Iraurgi Berritzen" data-secret="bTdy9LnOh3" frameborder="0" marginwidth="0" marginheight="0" scrolling="no" class="wp-embedded-content"></iframe><script>
/*! This file is auto-generated */
!function(d,l){"use strict";l.querySelector&&d.addEventListener&&"undefined"!=typeof URL&&(d.wp=d.wp||{},d.wp.receiveEmbedMessage||(d.wp.receiveEmbedMessage=function(e){var t=e.data;if((t||t.secret||t.message||t.value)&&!/[^a-zA-Z0-9]/.test(t.secret)){for(var s,r,n,a=l.querySelectorAll('iframe[data-secret="'+t.secret+'"]'),o=l.querySelectorAll('blockquote[data-secret="'+t.secret+'"]'),c=new RegExp("^https?:$","i"),i=0;i<o.length;i++)o[i].style.display="none";for(i=0;i<a.length;i++)s=a[i],e.source===s.contentWindow&&(s.removeAttribute("style"),"height"===t.message?(1e3<(r=parseInt(t.value,10))?r=1e3:~~r<200&&(r=200),s.height=r):"link"===t.message&&(r=new URL(s.getAttribute("src")),n=new URL(t.value),c.test(n.protocol))&&n.host===r.host&&l.activeElement===s&&(d.top.location.href=t.value))}},d.addEventListener("message",d.wp.receiveEmbedMessage,!1),l.addEventListener("DOMContentLoaded",function(){for(var e,t,s=l.querySelectorAll("iframe.wp-embedded-content"),r=0;r<s.length;r++)(t=(e=s[r]).getAttribute("data-secret"))||(t=Math.random().toString(36).substring(2,12),e.src+="#?secret="+t,e.setAttribute("data-secret",t)),e.contentWindow.postMessage({message:"ready",secret:t},"*")},!1)))}(window,document);
//# sourceURL=https://iraurgiberritzen.eus/wp-includes/js/wp-embed.min.js
</script>

Los comerciantes de Urola Erdia han participado en la formación Whatsapp Business de la mano de la Camara de Comercio de Gipuzkoa. Las sesiones de formación han tenido lugar durante dos días y en ellas, de forma práctica y apoyándose en el móvil de cada uno, se ha podido conocer las posibilidades y aplicaciones que [&hellip;]
