{"version":"1.0","provider_name":"Iraurgi Berritzen","provider_url":"https:\/\/iraurgiberritzen.eus\/es\/","author_name":"ainara","author_url":"https:\/\/iraurgiberritzen.eus\/es\/author\/ainara\/","title":"Gesti\u00f3n de Pr\u00e1cticas, Proyectos Fin de Grado y Dual de los j\u00f3venes de la comarca - Iraurgi Berritzen","type":"rich","width":600,"height":338,"html":"<blockquote class=\"wp-embedded-content\" data-secret=\"0i8CLMJQX5\"><a href=\"https:\/\/iraurgiberritzen.eus\/es\/practicas-proyectos-fin-de-grado-y-dual\/\">Gesti\u00f3n de Pr\u00e1cticas, Proyectos Fin de Grado y Dual de los j\u00f3venes de la comarca<\/a><\/blockquote><iframe sandbox=\"allow-scripts\" security=\"restricted\" src=\"https:\/\/iraurgiberritzen.eus\/es\/practicas-proyectos-fin-de-grado-y-dual\/embed\/#?secret=0i8CLMJQX5\" width=\"600\" height=\"338\" title=\"\u00abGesti\u00f3n de Pr\u00e1cticas, Proyectos Fin de Grado y Dual de los j\u00f3venes de la comarca\u00bb \u2014 Iraurgi Berritzen\" data-secret=\"0i8CLMJQX5\" frameborder=\"0\" marginwidth=\"0\" marginheight=\"0\" scrolling=\"no\" class=\"wp-embedded-content\"><\/iframe><script>\n\/*! This file is auto-generated *\/\n!function(d,l){\"use strict\";l.querySelector&&d.addEventListener&&\"undefined\"!=typeof URL&&(d.wp=d.wp||{},d.wp.receiveEmbedMessage||(d.wp.receiveEmbedMessage=function(e){var t=e.data;if((t||t.secret||t.message||t.value)&&!\/[^a-zA-Z0-9]\/.test(t.secret)){for(var s,r,n,a=l.querySelectorAll('iframe[data-secret=\"'+t.secret+'\"]'),o=l.querySelectorAll('blockquote[data-secret=\"'+t.secret+'\"]'),c=new RegExp(\"^https?:$\",\"i\"),i=0;i<o.length;i++)o[i].style.display=\"none\";for(i=0;i<a.length;i++)s=a[i],e.source===s.contentWindow&&(s.removeAttribute(\"style\"),\"height\"===t.message?(1e3<(r=parseInt(t.value,10))?r=1e3:~~r<200&&(r=200),s.height=r):\"link\"===t.message&&(r=new URL(s.getAttribute(\"src\")),n=new URL(t.value),c.test(n.protocol))&&n.host===r.host&&l.activeElement===s&&(d.top.location.href=t.value))}},d.addEventListener(\"message\",d.wp.receiveEmbedMessage,!1),l.addEventListener(\"DOMContentLoaded\",function(){for(var e,t,s=l.querySelectorAll(\"iframe.wp-embedded-content\"),r=0;r<s.length;r++)(t=(e=s[r]).getAttribute(\"data-secret\"))||(t=Math.random().toString(36).substring(2,12),e.src+=\"#?secret=\"+t,e.setAttribute(\"data-secret\",t)),e.contentWindow.postMessage({message:\"ready\",secret:t},\"*\")},!1)))}(window,document);\n\/\/# sourceURL=https:\/\/iraurgiberritzen.eus\/wp-includes\/js\/wp-embed.min.js\n<\/script>\n","thumbnail_url":"https:\/\/iraurgiberritzen.eus\/wp-content\/uploads\/2024\/03\/PORTADA-IB-WEB-800-x-550-px-25.png","thumbnail_width":800,"thumbnail_height":550,"description":"Iraurgi Berritzen, en el marco del Plan de acci\u00f3n que est\u00e1 llevando a cabo para la promoci\u00f3n del empleo en la comarca, quiere impulsar con especial inter\u00e9s las primeras experiencias laborales de personas j\u00f3venes cualificadas, ofreciendo oportunidades para que desarrollen su talento en la comarca. Desde el 2018, recogemos las necesidades que tienen tanto las [&hellip;]"}

Gestión de Prácticas, Proyectos Fin de Grado y Dual de los jóvenes de la comarca - Iraurgi Berritzen

<blockquote class="wp-embedded-content" data-secret="0i8CLMJQX5"><a href="https://iraurgiberritzen.eus/es/practicas-proyectos-fin-de-grado-y-dual/">Gestión de Prácticas, Proyectos Fin de Grado y Dual de los jóvenes de la comarca</a></blockquote><iframe sandbox="allow-scripts" security="restricted" src="https://iraurgiberritzen.eus/es/practicas-proyectos-fin-de-grado-y-dual/embed/#?secret=0i8CLMJQX5" width="600" height="338" title="«Gestión de Prácticas, Proyectos Fin de Grado y Dual de los jóvenes de la comarca» — Iraurgi Berritzen" data-secret="0i8CLMJQX5" frameborder="0" marginwidth="0" marginheight="0" scrolling="no" class="wp-embedded-content"></iframe><script>
/*! This file is auto-generated */
!function(d,l){"use strict";l.querySelector&&d.addEventListener&&"undefined"!=typeof URL&&(d.wp=d.wp||{},d.wp.receiveEmbedMessage||(d.wp.receiveEmbedMessage=function(e){var t=e.data;if((t||t.secret||t.message||t.value)&&!/[^a-zA-Z0-9]/.test(t.secret)){for(var s,r,n,a=l.querySelectorAll('iframe[data-secret="'+t.secret+'"]'),o=l.querySelectorAll('blockquote[data-secret="'+t.secret+'"]'),c=new RegExp("^https?:$","i"),i=0;i<o.length;i++)o[i].style.display="none";for(i=0;i<a.length;i++)s=a[i],e.source===s.contentWindow&&(s.removeAttribute("style"),"height"===t.message?(1e3<(r=parseInt(t.value,10))?r=1e3:~~r<200&&(r=200),s.height=r):"link"===t.message&&(r=new URL(s.getAttribute("src")),n=new URL(t.value),c.test(n.protocol))&&n.host===r.host&&l.activeElement===s&&(d.top.location.href=t.value))}},d.addEventListener("message",d.wp.receiveEmbedMessage,!1),l.addEventListener("DOMContentLoaded",function(){for(var e,t,s=l.querySelectorAll("iframe.wp-embedded-content"),r=0;r<s.length;r++)(t=(e=s[r]).getAttribute("data-secret"))||(t=Math.random().toString(36).substring(2,12),e.src+="#?secret="+t,e.setAttribute("data-secret",t)),e.contentWindow.postMessage({message:"ready",secret:t},"*")},!1)))}(window,document);
//# sourceURL=https://iraurgiberritzen.eus/wp-includes/js/wp-embed.min.js
</script>

Iraurgi Berritzen, en el marco del Plan de acción que está llevando a cabo para la promoción del empleo en la comarca, quiere impulsar con especial interés las primeras experiencias laborales de personas jóvenes cualificadas, ofreciendo oportunidades para que desarrollen su talento en la comarca. Desde el 2018, recogemos las necesidades que tienen tanto las [&hellip;]
