{"id":16457,"date":"2023-12-21T10:28:24","date_gmt":"2023-12-21T08:28:24","guid":{"rendered":"https:\/\/iraurgiberritzen.eus\/relaciones-ib\/"},"modified":"2024-02-27T16:13:59","modified_gmt":"2024-02-27T14:13:59","slug":"relaciones-ib","status":"publish","type":"page","link":"https:\/\/iraurgiberritzen.eus\/es\/educacion\/relaciones-ib\/","title":{"rendered":"IB HARREMANAK"},"content":{"rendered":"<p>Acciones orientadas a la creaci\u00f3n de espacios que integren a los centros educativos y a los diferentes agentes socioecon\u00f3micos que conforman la estructura de la comarca.<\/p>\n<p>El objetivo es\u00a0el de <strong>conocerse m\u00e1s, crear y fortalecer las relaciones de confianza entre ellos, as\u00ed como la de reflexionar sobre las diferentes posibilidades de colaboraci\u00f3n.<\/strong><\/p>\n<div class=\"row\">\n<div class=\"col-md-12 col-xs-12\">\n<p>Los principales temas tratados en estas din\u00e1micas son, entre otros, la necesidad de\u00a0<strong>acercar los casos reales a las aulas a trav\u00e9s de proyectos<\/strong>, la necesidad de\u00a0<strong>desarrollar nuevas metodolog\u00edas de ense\u00f1anza,<\/strong>\u00a0la importancia de una\u00a0<strong>gesti\u00f3n sostenible de las relaciones entre los agentes<\/strong>, etc.<\/p>\n<\/div>\n<\/div>\n<p>&nbsp;<\/p>\n<img loading=\"lazy\" decoding=\"async\" class=\"wp-image-18892 aligncenter\" src=\"https:\/\/iraurgiberritzen.eus\/wp-content\/uploads\/2024\/02\/SITIO-WEB-2-1-300x134.jpg\" alt=\"\" width=\"1261\" height=\"563\" srcset=\"https:\/\/iraurgiberritzen.eus\/wp-content\/uploads\/2024\/02\/SITIO-WEB-2-1-300x134.jpg 300w, https:\/\/iraurgiberritzen.eus\/wp-content\/uploads\/2024\/02\/SITIO-WEB-2-1-1024x458.jpg 1024w, https:\/\/iraurgiberritzen.eus\/wp-content\/uploads\/2024\/02\/SITIO-WEB-2-1-768x344.jpg 768w, https:\/\/iraurgiberritzen.eus\/wp-content\/uploads\/2024\/02\/SITIO-WEB-2-1-1536x687.jpg 1536w, https:\/\/iraurgiberritzen.eus\/wp-content\/uploads\/2024\/02\/SITIO-WEB-2-1-2048x916.jpg 2048w\" sizes=\"auto, (max-width: 1261px) 100vw, 1261px\" \/>\n<p>&nbsp;<\/p>\n","protected":false},"excerpt":{"rendered":"<p>Acciones orientadas a la creaci\u00f3n de espacios que integren a los centros educativos y a los diferentes agentes socioecon\u00f3micos que conforman la estructura de la comarca. El objetivo es\u00a0el de conocerse m\u00e1s, crear y fortalecer las relaciones de confianza entre ellos, as\u00ed como la de reflexionar sobre las diferentes posibilidades de colaboraci\u00f3n. Los principales temas [&hellip;]<\/p>\n","protected":false},"author":1,"featured_media":14808,"parent":16471,"menu_order":-1,"comment_status":"closed","ping_status":"closed","template":"template-arloak-hezkuntza-proiektuak.php","meta":{"_acf_changed":false,"footnotes":""},"class_list":["post-16457","page","type-page","status-publish","has-post-thumbnail","hentry","arloak-educacion","arloak-relaciones-ib"],"acf":[],"yoast_head":"<!-- This site is optimized with the Yoast SEO plugin v27.4 - https:\/\/yoast.com\/product\/yoast-seo-wordpress\/ -->\n<title>IB HARREMANAK - Iraurgi Berritzen<\/title>\n<meta name=\"robots\" content=\"index, follow, max-snippet:-1, max-image-preview:large, max-video-preview:-1\" \/>\n<link rel=\"canonical\" href=\"https:\/\/iraurgiberritzen.eus\/es\/educacion\/relaciones-ib\/\" \/>\n<meta property=\"og:locale\" content=\"es_ES\" \/>\n<meta property=\"og:type\" content=\"article\" \/>\n<meta property=\"og:title\" content=\"IB HARREMANAK - Iraurgi Berritzen\" \/>\n<meta property=\"og:description\" content=\"Acciones orientadas a la creaci\u00f3n de espacios que integren a los centros educativos y a los diferentes agentes socioecon\u00f3micos que conforman la estructura de la comarca. El objetivo es\u00a0el de conocerse m\u00e1s, crear y fortalecer las relaciones de confianza entre ellos, as\u00ed como la de reflexionar sobre las diferentes posibilidades de colaboraci\u00f3n. Los principales temas [&hellip;]\" \/>\n<meta property=\"og:url\" content=\"https:\/\/iraurgiberritzen.eus\/es\/educacion\/relaciones-ib\/\" \/>\n<meta property=\"og:site_name\" content=\"Iraurgi Berritzen\" \/>\n<meta property=\"article:modified_time\" content=\"2024-02-27T14:13:59+00:00\" \/>\n<meta property=\"og:image\" content=\"https:\/\/iraurgiberritzen.eus\/wp-content\/uploads\/2023\/09\/IB-HARREMANAK.jpeg\" \/>\n\t<meta property=\"og:image:width\" content=\"2048\" \/>\n\t<meta property=\"og:image:height\" content=\"1536\" \/>\n\t<meta property=\"og:image:type\" content=\"image\/jpeg\" \/>\n<meta name=\"twitter:card\" content=\"summary_large_image\" \/>\n<meta name=\"twitter:label1\" content=\"Tiempo de lectura\" \/>\n\t<meta name=\"twitter:data1\" content=\"1 minuto\" \/>\n<script type=\"application\/ld+json\" class=\"yoast-schema-graph\">{\"@context\":\"https:\\\/\\\/schema.org\",\"@graph\":[{\"@type\":\"WebPage\",\"@id\":\"https:\\\/\\\/iraurgiberritzen.eus\\\/es\\\/educacion\\\/relaciones-ib\\\/\",\"url\":\"https:\\\/\\\/iraurgiberritzen.eus\\\/es\\\/educacion\\\/relaciones-ib\\\/\",\"name\":\"IB HARREMANAK - Iraurgi Berritzen\",\"isPartOf\":{\"@id\":\"https:\\\/\\\/iraurgiberritzen.eus\\\/es\\\/#website\"},\"primaryImageOfPage\":{\"@id\":\"https:\\\/\\\/iraurgiberritzen.eus\\\/es\\\/educacion\\\/relaciones-ib\\\/#primaryimage\"},\"image\":{\"@id\":\"https:\\\/\\\/iraurgiberritzen.eus\\\/es\\\/educacion\\\/relaciones-ib\\\/#primaryimage\"},\"thumbnailUrl\":\"https:\\\/\\\/iraurgiberritzen.eus\\\/wp-content\\\/uploads\\\/2023\\\/09\\\/IB-HARREMANAK.jpeg\",\"datePublished\":\"2023-12-21T08:28:24+00:00\",\"dateModified\":\"2024-02-27T14:13:59+00:00\",\"breadcrumb\":{\"@id\":\"https:\\\/\\\/iraurgiberritzen.eus\\\/es\\\/educacion\\\/relaciones-ib\\\/#breadcrumb\"},\"inLanguage\":\"es\",\"potentialAction\":[{\"@type\":\"ReadAction\",\"target\":[\"https:\\\/\\\/iraurgiberritzen.eus\\\/es\\\/educacion\\\/relaciones-ib\\\/\"]}]},{\"@type\":\"ImageObject\",\"inLanguage\":\"es\",\"@id\":\"https:\\\/\\\/iraurgiberritzen.eus\\\/es\\\/educacion\\\/relaciones-ib\\\/#primaryimage\",\"url\":\"https:\\\/\\\/iraurgiberritzen.eus\\\/wp-content\\\/uploads\\\/2023\\\/09\\\/IB-HARREMANAK.jpeg\",\"contentUrl\":\"https:\\\/\\\/iraurgiberritzen.eus\\\/wp-content\\\/uploads\\\/2023\\\/09\\\/IB-HARREMANAK.jpeg\",\"width\":2048,\"height\":1536},{\"@type\":\"BreadcrumbList\",\"@id\":\"https:\\\/\\\/iraurgiberritzen.eus\\\/es\\\/educacion\\\/relaciones-ib\\\/#breadcrumb\",\"itemListElement\":[{\"@type\":\"ListItem\",\"position\":1,\"name\":\"Home\",\"item\":\"https:\\\/\\\/iraurgiberritzen.eus\\\/es\\\/\"},{\"@type\":\"ListItem\",\"position\":2,\"name\":\"Educaci\u00f3n\",\"item\":\"https:\\\/\\\/iraurgiberritzen.eus\\\/es\\\/educacion\\\/\"},{\"@type\":\"ListItem\",\"position\":3,\"name\":\"IB HARREMANAK\"}]},{\"@type\":\"WebSite\",\"@id\":\"https:\\\/\\\/iraurgiberritzen.eus\\\/es\\\/#website\",\"url\":\"https:\\\/\\\/iraurgiberritzen.eus\\\/es\\\/\",\"name\":\"Iraurgi Berritzen\",\"description\":\"Urola Erdiko Garapen Agentzia\",\"publisher\":{\"@id\":\"https:\\\/\\\/iraurgiberritzen.eus\\\/es\\\/#organization\"},\"potentialAction\":[{\"@type\":\"SearchAction\",\"target\":{\"@type\":\"EntryPoint\",\"urlTemplate\":\"https:\\\/\\\/iraurgiberritzen.eus\\\/es\\\/?s={search_term_string}\"},\"query-input\":{\"@type\":\"PropertyValueSpecification\",\"valueRequired\":true,\"valueName\":\"search_term_string\"}}],\"inLanguage\":\"es\"},{\"@type\":\"Organization\",\"@id\":\"https:\\\/\\\/iraurgiberritzen.eus\\\/es\\\/#organization\",\"name\":\"Iraurgi Berritzen\",\"url\":\"https:\\\/\\\/iraurgiberritzen.eus\\\/es\\\/\",\"logo\":{\"@type\":\"ImageObject\",\"inLanguage\":\"es\",\"@id\":\"https:\\\/\\\/iraurgiberritzen.eus\\\/es\\\/#\\\/schema\\\/logo\\\/image\\\/\",\"url\":\"https:\\\/\\\/iraurgiberritzen.eus\\\/wp-content\\\/uploads\\\/2024\\\/02\\\/IRAURGI-BERRITZEN-logotipoa_2.png\",\"contentUrl\":\"https:\\\/\\\/iraurgiberritzen.eus\\\/wp-content\\\/uploads\\\/2024\\\/02\\\/IRAURGI-BERRITZEN-logotipoa_2.png\",\"width\":496,\"height\":190,\"caption\":\"Iraurgi Berritzen\"},\"image\":{\"@id\":\"https:\\\/\\\/iraurgiberritzen.eus\\\/es\\\/#\\\/schema\\\/logo\\\/image\\\/\"}}]}<\/script>\n<!-- \/ Yoast SEO plugin. -->","yoast_head_json":{"title":"IB HARREMANAK - Iraurgi Berritzen","robots":{"index":"index","follow":"follow","max-snippet":"max-snippet:-1","max-image-preview":"max-image-preview:large","max-video-preview":"max-video-preview:-1"},"canonical":"https:\/\/iraurgiberritzen.eus\/es\/educacion\/relaciones-ib\/","og_locale":"es_ES","og_type":"article","og_title":"IB HARREMANAK - Iraurgi Berritzen","og_description":"Acciones orientadas a la creaci\u00f3n de espacios que integren a los centros educativos y a los diferentes agentes socioecon\u00f3micos que conforman la estructura de la comarca. El objetivo es\u00a0el de conocerse m\u00e1s, crear y fortalecer las relaciones de confianza entre ellos, as\u00ed como la de reflexionar sobre las diferentes posibilidades de colaboraci\u00f3n. Los principales temas [&hellip;]","og_url":"https:\/\/iraurgiberritzen.eus\/es\/educacion\/relaciones-ib\/","og_site_name":"Iraurgi Berritzen","article_modified_time":"2024-02-27T14:13:59+00:00","og_image":[{"width":2048,"height":1536,"url":"https:\/\/iraurgiberritzen.eus\/wp-content\/uploads\/2023\/09\/IB-HARREMANAK.jpeg","type":"image\/jpeg"}],"twitter_card":"summary_large_image","twitter_misc":{"Tiempo de lectura":"1 minuto"},"schema":{"@context":"https:\/\/schema.org","@graph":[{"@type":"WebPage","@id":"https:\/\/iraurgiberritzen.eus\/es\/educacion\/relaciones-ib\/","url":"https:\/\/iraurgiberritzen.eus\/es\/educacion\/relaciones-ib\/","name":"IB HARREMANAK - Iraurgi Berritzen","isPartOf":{"@id":"https:\/\/iraurgiberritzen.eus\/es\/#website"},"primaryImageOfPage":{"@id":"https:\/\/iraurgiberritzen.eus\/es\/educacion\/relaciones-ib\/#primaryimage"},"image":{"@id":"https:\/\/iraurgiberritzen.eus\/es\/educacion\/relaciones-ib\/#primaryimage"},"thumbnailUrl":"https:\/\/iraurgiberritzen.eus\/wp-content\/uploads\/2023\/09\/IB-HARREMANAK.jpeg","datePublished":"2023-12-21T08:28:24+00:00","dateModified":"2024-02-27T14:13:59+00:00","breadcrumb":{"@id":"https:\/\/iraurgiberritzen.eus\/es\/educacion\/relaciones-ib\/#breadcrumb"},"inLanguage":"es","potentialAction":[{"@type":"ReadAction","target":["https:\/\/iraurgiberritzen.eus\/es\/educacion\/relaciones-ib\/"]}]},{"@type":"ImageObject","inLanguage":"es","@id":"https:\/\/iraurgiberritzen.eus\/es\/educacion\/relaciones-ib\/#primaryimage","url":"https:\/\/iraurgiberritzen.eus\/wp-content\/uploads\/2023\/09\/IB-HARREMANAK.jpeg","contentUrl":"https:\/\/iraurgiberritzen.eus\/wp-content\/uploads\/2023\/09\/IB-HARREMANAK.jpeg","width":2048,"height":1536},{"@type":"BreadcrumbList","@id":"https:\/\/iraurgiberritzen.eus\/es\/educacion\/relaciones-ib\/#breadcrumb","itemListElement":[{"@type":"ListItem","position":1,"name":"Home","item":"https:\/\/iraurgiberritzen.eus\/es\/"},{"@type":"ListItem","position":2,"name":"Educaci\u00f3n","item":"https:\/\/iraurgiberritzen.eus\/es\/educacion\/"},{"@type":"ListItem","position":3,"name":"IB HARREMANAK"}]},{"@type":"WebSite","@id":"https:\/\/iraurgiberritzen.eus\/es\/#website","url":"https:\/\/iraurgiberritzen.eus\/es\/","name":"Iraurgi Berritzen","description":"Urola Erdiko Garapen Agentzia","publisher":{"@id":"https:\/\/iraurgiberritzen.eus\/es\/#organization"},"potentialAction":[{"@type":"SearchAction","target":{"@type":"EntryPoint","urlTemplate":"https:\/\/iraurgiberritzen.eus\/es\/?s={search_term_string}"},"query-input":{"@type":"PropertyValueSpecification","valueRequired":true,"valueName":"search_term_string"}}],"inLanguage":"es"},{"@type":"Organization","@id":"https:\/\/iraurgiberritzen.eus\/es\/#organization","name":"Iraurgi Berritzen","url":"https:\/\/iraurgiberritzen.eus\/es\/","logo":{"@type":"ImageObject","inLanguage":"es","@id":"https:\/\/iraurgiberritzen.eus\/es\/#\/schema\/logo\/image\/","url":"https:\/\/iraurgiberritzen.eus\/wp-content\/uploads\/2024\/02\/IRAURGI-BERRITZEN-logotipoa_2.png","contentUrl":"https:\/\/iraurgiberritzen.eus\/wp-content\/uploads\/2024\/02\/IRAURGI-BERRITZEN-logotipoa_2.png","width":496,"height":190,"caption":"Iraurgi Berritzen"},"image":{"@id":"https:\/\/iraurgiberritzen.eus\/es\/#\/schema\/logo\/image\/"}}]}},"_links":{"self":[{"href":"https:\/\/iraurgiberritzen.eus\/es\/wp-json\/wp\/v2\/pages\/16457","targetHints":{"allow":["GET"]}}],"collection":[{"href":"https:\/\/iraurgiberritzen.eus\/es\/wp-json\/wp\/v2\/pages"}],"about":[{"href":"https:\/\/iraurgiberritzen.eus\/es\/wp-json\/wp\/v2\/types\/page"}],"author":[{"embeddable":true,"href":"https:\/\/iraurgiberritzen.eus\/es\/wp-json\/wp\/v2\/users\/1"}],"replies":[{"embeddable":true,"href":"https:\/\/iraurgiberritzen.eus\/es\/wp-json\/wp\/v2\/comments?post=16457"}],"version-history":[{"count":6,"href":"https:\/\/iraurgiberritzen.eus\/es\/wp-json\/wp\/v2\/pages\/16457\/revisions"}],"predecessor-version":[{"id":19177,"href":"https:\/\/iraurgiberritzen.eus\/es\/wp-json\/wp\/v2\/pages\/16457\/revisions\/19177"}],"up":[{"embeddable":true,"href":"https:\/\/iraurgiberritzen.eus\/es\/wp-json\/wp\/v2\/pages\/16471"}],"wp:featuredmedia":[{"embeddable":true,"href":"https:\/\/iraurgiberritzen.eus\/es\/wp-json\/wp\/v2\/media\/14808"}],"wp:attachment":[{"href":"https:\/\/iraurgiberritzen.eus\/es\/wp-json\/wp\/v2\/media?parent=16457"}],"curies":[{"name":"wp","href":"https:\/\/api.w.org\/{rel}","templated":true}]}}

<p>Acciones orientadas a la creación de espacios que integren a los centros educativos y a los diferentes agentes socioeconómicos que conforman la estructura de la comarca.</p>
<p>El objetivo es el de <strong>conocerse más, crear y fortalecer las relaciones de confianza entre ellos, así como la de reflexionar sobre las diferentes posibilidades de colaboración.</strong></p>
<div class="row">
<div class="col-md-12 col-xs-12">
<p>Los principales temas tratados en estas dinámicas son, entre otros, la necesidad de <strong>acercar los casos reales a las aulas a través de proyectos</strong>, la necesidad de <strong>desarrollar nuevas metodologías de enseñanza,</strong> la importancia de una <strong>gestión sostenible de las relaciones entre los agentes</strong>, etc.</p>
</div>
</div>
<p>&nbsp;</p>
<img loading="lazy" decoding="async" class="wp-image-18892 aligncenter" src="https://iraurgiberritzen.eus/wp-content/uploads/2024/02/SITIO-WEB-2-1-300x134.jpg" alt="" width="1261" height="563" srcset="https://iraurgiberritzen.eus/wp-content/uploads/2024/02/SITIO-WEB-2-1-300x134.jpg 300w, https://iraurgiberritzen.eus/wp-content/uploads/2024/02/SITIO-WEB-2-1-1024x458.jpg 1024w, https://iraurgiberritzen.eus/wp-content/uploads/2024/02/SITIO-WEB-2-1-768x344.jpg 768w, https://iraurgiberritzen.eus/wp-content/uploads/2024/02/SITIO-WEB-2-1-1536x687.jpg 1536w, https://iraurgiberritzen.eus/wp-content/uploads/2024/02/SITIO-WEB-2-1-2048x916.jpg 2048w" sizes="auto, (max-width: 1261px) 100vw, 1261px" />
<p>&nbsp;</p>

<p>Acciones orientadas a la creación de espacios que integren a los centros educativos y a los diferentes agentes socioeconómicos que conforman la estructura de la comarca. El objetivo es el de conocerse más, crear y fortalecer las relaciones de confianza entre ellos, así como la de reflexionar sobre las diferentes posibilidades de colaboración. Los principales temas [&hellip;]</p>

<!-- This site is optimized with the Yoast SEO plugin v27.4 - https://yoast.com/product/yoast-seo-wordpress/ -->
<title>IB HARREMANAK - Iraurgi Berritzen</title>
<meta name="robots" content="index, follow, max-snippet:-1, max-image-preview:large, max-video-preview:-1" />
<link rel="canonical" href="https://iraurgiberritzen.eus/es/educacion/relaciones-ib/" />
<meta property="og:locale" content="es_ES" />
<meta property="og:type" content="article" />
<meta property="og:title" content="IB HARREMANAK - Iraurgi Berritzen" />
<meta property="og:description" content="Acciones orientadas a la creación de espacios que integren a los centros educativos y a los diferentes agentes socioeconómicos que conforman la estructura de la comarca. El objetivo es el de conocerse más, crear y fortalecer las relaciones de confianza entre ellos, así como la de reflexionar sobre las diferentes posibilidades de colaboración. Los principales temas [&hellip;]" />
<meta property="og:url" content="https://iraurgiberritzen.eus/es/educacion/relaciones-ib/" />
<meta property="og:site_name" content="Iraurgi Berritzen" />
<meta property="article:modified_time" content="2024-02-27T14:13:59+00:00" />
<meta property="og:image" content="https://iraurgiberritzen.eus/wp-content/uploads/2023/09/IB-HARREMANAK.jpeg" />
	<meta property="og:image:width" content="2048" />
	<meta property="og:image:height" content="1536" />
	<meta property="og:image:type" content="image/jpeg" />
<meta name="twitter:card" content="summary_large_image" />
<meta name="twitter:label1" content="Tiempo de lectura" />
	<meta name="twitter:data1" content="1 minuto" />
<script type="application/ld+json" class="yoast-schema-graph">{"@context":"https:\/\/schema.org","@graph":[{"@type":"WebPage","@id":"https:\/\/iraurgiberritzen.eus\/es\/educacion\/relaciones-ib\/","url":"https:\/\/iraurgiberritzen.eus\/es\/educacion\/relaciones-ib\/","name":"IB HARREMANAK - Iraurgi Berritzen","isPartOf":{"@id":"https:\/\/iraurgiberritzen.eus\/es\/#website"},"primaryImageOfPage":{"@id":"https:\/\/iraurgiberritzen.eus\/es\/educacion\/relaciones-ib\/#primaryimage"},"image":{"@id":"https:\/\/iraurgiberritzen.eus\/es\/educacion\/relaciones-ib\/#primaryimage"},"thumbnailUrl":"https:\/\/iraurgiberritzen.eus\/wp-content\/uploads\/2023\/09\/IB-HARREMANAK.jpeg","datePublished":"2023-12-21T08:28:24+00:00","dateModified":"2024-02-27T14:13:59+00:00","breadcrumb":{"@id":"https:\/\/iraurgiberritzen.eus\/es\/educacion\/relaciones-ib\/#breadcrumb"},"inLanguage":"es","potentialAction":[{"@type":"ReadAction","target":["https:\/\/iraurgiberritzen.eus\/es\/educacion\/relaciones-ib\/"]}]},{"@type":"ImageObject","inLanguage":"es","@id":"https:\/\/iraurgiberritzen.eus\/es\/educacion\/relaciones-ib\/#primaryimage","url":"https:\/\/iraurgiberritzen.eus\/wp-content\/uploads\/2023\/09\/IB-HARREMANAK.jpeg","contentUrl":"https:\/\/iraurgiberritzen.eus\/wp-content\/uploads\/2023\/09\/IB-HARREMANAK.jpeg","width":2048,"height":1536},{"@type":"BreadcrumbList","@id":"https:\/\/iraurgiberritzen.eus\/es\/educacion\/relaciones-ib\/#breadcrumb","itemListElement":[{"@type":"ListItem","position":1,"name":"Home","item":"https:\/\/iraurgiberritzen.eus\/es\/"},{"@type":"ListItem","position":2,"name":"Educación","item":"https:\/\/iraurgiberritzen.eus\/es\/educacion\/"},{"@type":"ListItem","position":3,"name":"IB HARREMANAK"}]},{"@type":"WebSite","@id":"https:\/\/iraurgiberritzen.eus\/es\/#website","url":"https:\/\/iraurgiberritzen.eus\/es\/","name":"Iraurgi Berritzen","description":"Urola Erdiko Garapen Agentzia","publisher":{"@id":"https:\/\/iraurgiberritzen.eus\/es\/#organization"},"potentialAction":[{"@type":"SearchAction","target":{"@type":"EntryPoint","urlTemplate":"https:\/\/iraurgiberritzen.eus\/es\/?s={search_term_string}"},"query-input":{"@type":"PropertyValueSpecification","valueRequired":true,"valueName":"search_term_string"}}],"inLanguage":"es"},{"@type":"Organization","@id":"https:\/\/iraurgiberritzen.eus\/es\/#organization","name":"Iraurgi Berritzen","url":"https:\/\/iraurgiberritzen.eus\/es\/","logo":{"@type":"ImageObject","inLanguage":"es","@id":"https:\/\/iraurgiberritzen.eus\/es\/#\/schema\/logo\/image\/","url":"https:\/\/iraurgiberritzen.eus\/wp-content\/uploads\/2024\/02\/IRAURGI-BERRITZEN-logotipoa_2.png","contentUrl":"https:\/\/iraurgiberritzen.eus\/wp-content\/uploads\/2024\/02\/IRAURGI-BERRITZEN-logotipoa_2.png","width":496,"height":190,"caption":"Iraurgi Berritzen"},"image":{"@id":"https:\/\/iraurgiberritzen.eus\/es\/#\/schema\/logo\/image\/"}}]}</script>
<!-- / Yoast SEO plugin. -->

Acciones orientadas a la creación de espacios que integren a los centros educativos y a los diferentes agentes socioeconómicos que conforman la estructura de la comarca. El objetivo es el de conocerse más, crear y fortalecer las relaciones de confianza entre ellos, así como la de reflexionar sobre las diferentes posibilidades de colaboración. Los principales temas [&hellip;]

Educación
