{"id":16458,"date":"2023-12-21T10:35:14","date_gmt":"2023-12-21T08:35:14","guid":{"rendered":"https:\/\/iraurgiberritzen.eus\/elkarrekin-eraikitzen\/"},"modified":"2025-10-20T13:31:15","modified_gmt":"2025-10-20T11:31:15","slug":"elkarrekin-eraikitzen","status":"publish","type":"page","link":"https:\/\/iraurgiberritzen.eus\/es\/educacion\/elkarrekin-eraikitzen\/","title":{"rendered":"Elkarrekin eraikitzen"},"content":{"rendered":"<p>Se trata de un proyecto que pretende acercar al alumnado a la realidad socioecon\u00f3mica de la comarca.<\/p>\n<div class=\"row\">\n<div class=\"col-md-12 col-xs-12\">\n<p>El\u00a0 alumnado de la ESO 3 y ESO 4 <strong>experimenta en base a nuevas metodolog\u00edas de aprendizaje,<\/strong>\u00a0mientras trabajan competencias y valores como la\u00a0<strong>autonom\u00eda, el trabajo en equipo, la creatividad, competencias digitales o la comunicaci\u00f3n.<\/strong><\/p>\n<p>A lo largo del proyecto <strong>mantienen contacto directo con los diferentes agentes de comarca a trav\u00e9s de la realizaci\u00f3n de entrevistas cerradas<\/strong>, de los cuales <strong>recaban informaci\u00f3n seg\u00fan las dudas<\/strong> correspondientes realizando <strong>un trabajo en equipo en consecuencia<\/strong>, previo a su presentaci\u00f3n en una \u00faltima din\u00e1mica.<\/p>\n<p>En el siguiente video se pueden visualizar los detalles del proyecto.<\/p>\n<\/div>\n<\/div>\n","protected":false},"excerpt":{"rendered":"<p>Se trata de un proyecto que pretende acercar al alumnado a la realidad socioecon\u00f3mica de la comarca. El\u00a0 alumnado de la ESO 3 y ESO 4 experimenta en base a nuevas metodolog\u00edas de aprendizaje,\u00a0mientras trabajan competencias y valores como la\u00a0autonom\u00eda, el trabajo en equipo, la creatividad, competencias digitales o la comunicaci\u00f3n. A lo largo del [&hellip;]<\/p>\n","protected":false},"author":1,"featured_media":14833,"parent":16471,"menu_order":0,"comment_status":"closed","ping_status":"closed","template":"template-arloak-hezkuntza-proiektuak.php","meta":{"_acf_changed":false,"footnotes":""},"class_list":["post-16458","page","type-page","status-publish","has-post-thumbnail","hentry","arloak-educacion","arloak-elkarrekin-eraikitzen-es"],"acf":[],"yoast_head":"<!-- This site is optimized with the Yoast SEO plugin v27.4 - https:\/\/yoast.com\/product\/yoast-seo-wordpress\/ -->\n<title>Elkarrekin eraikitzen - Iraurgi Berritzen<\/title>\n<meta name=\"robots\" content=\"index, follow, max-snippet:-1, max-image-preview:large, max-video-preview:-1\" \/>\n<link rel=\"canonical\" href=\"https:\/\/iraurgiberritzen.eus\/es\/educacion\/elkarrekin-eraikitzen\/\" \/>\n<meta property=\"og:locale\" content=\"es_ES\" \/>\n<meta property=\"og:type\" content=\"article\" \/>\n<meta property=\"og:title\" content=\"Elkarrekin eraikitzen - Iraurgi Berritzen\" \/>\n<meta property=\"og:description\" content=\"Se trata de un proyecto que pretende acercar al alumnado a la realidad socioecon\u00f3mica de la comarca. El\u00a0 alumnado de la ESO 3 y ESO 4 experimenta en base a nuevas metodolog\u00edas de aprendizaje,\u00a0mientras trabajan competencias y valores como la\u00a0autonom\u00eda, el trabajo en equipo, la creatividad, competencias digitales o la comunicaci\u00f3n. A lo largo del [&hellip;]\" \/>\n<meta property=\"og:url\" content=\"https:\/\/iraurgiberritzen.eus\/es\/educacion\/elkarrekin-eraikitzen\/\" \/>\n<meta property=\"og:site_name\" content=\"Iraurgi Berritzen\" \/>\n<meta property=\"article:modified_time\" content=\"2025-10-20T11:31:15+00:00\" \/>\n<meta property=\"og:image\" content=\"https:\/\/iraurgiberritzen.eus\/wp-content\/uploads\/2023\/09\/ELKARREKIN-ERAIKITZEN-scaled.jpg\" \/>\n\t<meta property=\"og:image:width\" content=\"2560\" \/>\n\t<meta property=\"og:image:height\" content=\"1707\" \/>\n\t<meta property=\"og:image:type\" content=\"image\/jpeg\" \/>\n<meta name=\"twitter:card\" content=\"summary_large_image\" \/>\n<meta name=\"twitter:label1\" content=\"Tiempo de lectura\" \/>\n\t<meta name=\"twitter:data1\" content=\"1 minuto\" \/>\n<script type=\"application\/ld+json\" class=\"yoast-schema-graph\">{\"@context\":\"https:\\\/\\\/schema.org\",\"@graph\":[{\"@type\":\"WebPage\",\"@id\":\"https:\\\/\\\/iraurgiberritzen.eus\\\/es\\\/educacion\\\/elkarrekin-eraikitzen\\\/\",\"url\":\"https:\\\/\\\/iraurgiberritzen.eus\\\/es\\\/educacion\\\/elkarrekin-eraikitzen\\\/\",\"name\":\"Elkarrekin eraikitzen - Iraurgi Berritzen\",\"isPartOf\":{\"@id\":\"https:\\\/\\\/iraurgiberritzen.eus\\\/es\\\/#website\"},\"primaryImageOfPage\":{\"@id\":\"https:\\\/\\\/iraurgiberritzen.eus\\\/es\\\/educacion\\\/elkarrekin-eraikitzen\\\/#primaryimage\"},\"image\":{\"@id\":\"https:\\\/\\\/iraurgiberritzen.eus\\\/es\\\/educacion\\\/elkarrekin-eraikitzen\\\/#primaryimage\"},\"thumbnailUrl\":\"https:\\\/\\\/iraurgiberritzen.eus\\\/wp-content\\\/uploads\\\/2023\\\/09\\\/ELKARREKIN-ERAIKITZEN-scaled.jpg\",\"datePublished\":\"2023-12-21T08:35:14+00:00\",\"dateModified\":\"2025-10-20T11:31:15+00:00\",\"breadcrumb\":{\"@id\":\"https:\\\/\\\/iraurgiberritzen.eus\\\/es\\\/educacion\\\/elkarrekin-eraikitzen\\\/#breadcrumb\"},\"inLanguage\":\"es\",\"potentialAction\":[{\"@type\":\"ReadAction\",\"target\":[\"https:\\\/\\\/iraurgiberritzen.eus\\\/es\\\/educacion\\\/elkarrekin-eraikitzen\\\/\"]}]},{\"@type\":\"ImageObject\",\"inLanguage\":\"es\",\"@id\":\"https:\\\/\\\/iraurgiberritzen.eus\\\/es\\\/educacion\\\/elkarrekin-eraikitzen\\\/#primaryimage\",\"url\":\"https:\\\/\\\/iraurgiberritzen.eus\\\/wp-content\\\/uploads\\\/2023\\\/09\\\/ELKARREKIN-ERAIKITZEN-scaled.jpg\",\"contentUrl\":\"https:\\\/\\\/iraurgiberritzen.eus\\\/wp-content\\\/uploads\\\/2023\\\/09\\\/ELKARREKIN-ERAIKITZEN-scaled.jpg\",\"width\":2560,\"height\":1707,\"caption\":\"elkarrekin eraikitzen irudia\"},{\"@type\":\"BreadcrumbList\",\"@id\":\"https:\\\/\\\/iraurgiberritzen.eus\\\/es\\\/educacion\\\/elkarrekin-eraikitzen\\\/#breadcrumb\",\"itemListElement\":[{\"@type\":\"ListItem\",\"position\":1,\"name\":\"Home\",\"item\":\"https:\\\/\\\/iraurgiberritzen.eus\\\/es\\\/\"},{\"@type\":\"ListItem\",\"position\":2,\"name\":\"Educaci\u00f3n\",\"item\":\"https:\\\/\\\/iraurgiberritzen.eus\\\/es\\\/educacion\\\/\"},{\"@type\":\"ListItem\",\"position\":3,\"name\":\"Elkarrekin eraikitzen\"}]},{\"@type\":\"WebSite\",\"@id\":\"https:\\\/\\\/iraurgiberritzen.eus\\\/es\\\/#website\",\"url\":\"https:\\\/\\\/iraurgiberritzen.eus\\\/es\\\/\",\"name\":\"Iraurgi Berritzen\",\"description\":\"Urola Erdiko Garapen Agentzia\",\"publisher\":{\"@id\":\"https:\\\/\\\/iraurgiberritzen.eus\\\/es\\\/#organization\"},\"potentialAction\":[{\"@type\":\"SearchAction\",\"target\":{\"@type\":\"EntryPoint\",\"urlTemplate\":\"https:\\\/\\\/iraurgiberritzen.eus\\\/es\\\/?s={search_term_string}\"},\"query-input\":{\"@type\":\"PropertyValueSpecification\",\"valueRequired\":true,\"valueName\":\"search_term_string\"}}],\"inLanguage\":\"es\"},{\"@type\":\"Organization\",\"@id\":\"https:\\\/\\\/iraurgiberritzen.eus\\\/es\\\/#organization\",\"name\":\"Iraurgi Berritzen\",\"url\":\"https:\\\/\\\/iraurgiberritzen.eus\\\/es\\\/\",\"logo\":{\"@type\":\"ImageObject\",\"inLanguage\":\"es\",\"@id\":\"https:\\\/\\\/iraurgiberritzen.eus\\\/es\\\/#\\\/schema\\\/logo\\\/image\\\/\",\"url\":\"https:\\\/\\\/iraurgiberritzen.eus\\\/wp-content\\\/uploads\\\/2024\\\/02\\\/IRAURGI-BERRITZEN-logotipoa_2.png\",\"contentUrl\":\"https:\\\/\\\/iraurgiberritzen.eus\\\/wp-content\\\/uploads\\\/2024\\\/02\\\/IRAURGI-BERRITZEN-logotipoa_2.png\",\"width\":496,\"height\":190,\"caption\":\"Iraurgi Berritzen\"},\"image\":{\"@id\":\"https:\\\/\\\/iraurgiberritzen.eus\\\/es\\\/#\\\/schema\\\/logo\\\/image\\\/\"}}]}<\/script>\n<!-- \/ Yoast SEO plugin. -->","yoast_head_json":{"title":"Elkarrekin eraikitzen - Iraurgi Berritzen","robots":{"index":"index","follow":"follow","max-snippet":"max-snippet:-1","max-image-preview":"max-image-preview:large","max-video-preview":"max-video-preview:-1"},"canonical":"https:\/\/iraurgiberritzen.eus\/es\/educacion\/elkarrekin-eraikitzen\/","og_locale":"es_ES","og_type":"article","og_title":"Elkarrekin eraikitzen - Iraurgi Berritzen","og_description":"Se trata de un proyecto que pretende acercar al alumnado a la realidad socioecon\u00f3mica de la comarca. El\u00a0 alumnado de la ESO 3 y ESO 4 experimenta en base a nuevas metodolog\u00edas de aprendizaje,\u00a0mientras trabajan competencias y valores como la\u00a0autonom\u00eda, el trabajo en equipo, la creatividad, competencias digitales o la comunicaci\u00f3n. A lo largo del [&hellip;]","og_url":"https:\/\/iraurgiberritzen.eus\/es\/educacion\/elkarrekin-eraikitzen\/","og_site_name":"Iraurgi Berritzen","article_modified_time":"2025-10-20T11:31:15+00:00","og_image":[{"width":2560,"height":1707,"url":"https:\/\/iraurgiberritzen.eus\/wp-content\/uploads\/2023\/09\/ELKARREKIN-ERAIKITZEN-scaled.jpg","type":"image\/jpeg"}],"twitter_card":"summary_large_image","twitter_misc":{"Tiempo de lectura":"1 minuto"},"schema":{"@context":"https:\/\/schema.org","@graph":[{"@type":"WebPage","@id":"https:\/\/iraurgiberritzen.eus\/es\/educacion\/elkarrekin-eraikitzen\/","url":"https:\/\/iraurgiberritzen.eus\/es\/educacion\/elkarrekin-eraikitzen\/","name":"Elkarrekin eraikitzen - Iraurgi Berritzen","isPartOf":{"@id":"https:\/\/iraurgiberritzen.eus\/es\/#website"},"primaryImageOfPage":{"@id":"https:\/\/iraurgiberritzen.eus\/es\/educacion\/elkarrekin-eraikitzen\/#primaryimage"},"image":{"@id":"https:\/\/iraurgiberritzen.eus\/es\/educacion\/elkarrekin-eraikitzen\/#primaryimage"},"thumbnailUrl":"https:\/\/iraurgiberritzen.eus\/wp-content\/uploads\/2023\/09\/ELKARREKIN-ERAIKITZEN-scaled.jpg","datePublished":"2023-12-21T08:35:14+00:00","dateModified":"2025-10-20T11:31:15+00:00","breadcrumb":{"@id":"https:\/\/iraurgiberritzen.eus\/es\/educacion\/elkarrekin-eraikitzen\/#breadcrumb"},"inLanguage":"es","potentialAction":[{"@type":"ReadAction","target":["https:\/\/iraurgiberritzen.eus\/es\/educacion\/elkarrekin-eraikitzen\/"]}]},{"@type":"ImageObject","inLanguage":"es","@id":"https:\/\/iraurgiberritzen.eus\/es\/educacion\/elkarrekin-eraikitzen\/#primaryimage","url":"https:\/\/iraurgiberritzen.eus\/wp-content\/uploads\/2023\/09\/ELKARREKIN-ERAIKITZEN-scaled.jpg","contentUrl":"https:\/\/iraurgiberritzen.eus\/wp-content\/uploads\/2023\/09\/ELKARREKIN-ERAIKITZEN-scaled.jpg","width":2560,"height":1707,"caption":"elkarrekin eraikitzen irudia"},{"@type":"BreadcrumbList","@id":"https:\/\/iraurgiberritzen.eus\/es\/educacion\/elkarrekin-eraikitzen\/#breadcrumb","itemListElement":[{"@type":"ListItem","position":1,"name":"Home","item":"https:\/\/iraurgiberritzen.eus\/es\/"},{"@type":"ListItem","position":2,"name":"Educaci\u00f3n","item":"https:\/\/iraurgiberritzen.eus\/es\/educacion\/"},{"@type":"ListItem","position":3,"name":"Elkarrekin eraikitzen"}]},{"@type":"WebSite","@id":"https:\/\/iraurgiberritzen.eus\/es\/#website","url":"https:\/\/iraurgiberritzen.eus\/es\/","name":"Iraurgi Berritzen","description":"Urola Erdiko Garapen Agentzia","publisher":{"@id":"https:\/\/iraurgiberritzen.eus\/es\/#organization"},"potentialAction":[{"@type":"SearchAction","target":{"@type":"EntryPoint","urlTemplate":"https:\/\/iraurgiberritzen.eus\/es\/?s={search_term_string}"},"query-input":{"@type":"PropertyValueSpecification","valueRequired":true,"valueName":"search_term_string"}}],"inLanguage":"es"},{"@type":"Organization","@id":"https:\/\/iraurgiberritzen.eus\/es\/#organization","name":"Iraurgi Berritzen","url":"https:\/\/iraurgiberritzen.eus\/es\/","logo":{"@type":"ImageObject","inLanguage":"es","@id":"https:\/\/iraurgiberritzen.eus\/es\/#\/schema\/logo\/image\/","url":"https:\/\/iraurgiberritzen.eus\/wp-content\/uploads\/2024\/02\/IRAURGI-BERRITZEN-logotipoa_2.png","contentUrl":"https:\/\/iraurgiberritzen.eus\/wp-content\/uploads\/2024\/02\/IRAURGI-BERRITZEN-logotipoa_2.png","width":496,"height":190,"caption":"Iraurgi Berritzen"},"image":{"@id":"https:\/\/iraurgiberritzen.eus\/es\/#\/schema\/logo\/image\/"}}]}},"_links":{"self":[{"href":"https:\/\/iraurgiberritzen.eus\/es\/wp-json\/wp\/v2\/pages\/16458","targetHints":{"allow":["GET"]}}],"collection":[{"href":"https:\/\/iraurgiberritzen.eus\/es\/wp-json\/wp\/v2\/pages"}],"about":[{"href":"https:\/\/iraurgiberritzen.eus\/es\/wp-json\/wp\/v2\/types\/page"}],"author":[{"embeddable":true,"href":"https:\/\/iraurgiberritzen.eus\/es\/wp-json\/wp\/v2\/users\/1"}],"replies":[{"embeddable":true,"href":"https:\/\/iraurgiberritzen.eus\/es\/wp-json\/wp\/v2\/comments?post=16458"}],"version-history":[{"count":16,"href":"https:\/\/iraurgiberritzen.eus\/es\/wp-json\/wp\/v2\/pages\/16458\/revisions"}],"predecessor-version":[{"id":24968,"href":"https:\/\/iraurgiberritzen.eus\/es\/wp-json\/wp\/v2\/pages\/16458\/revisions\/24968"}],"up":[{"embeddable":true,"href":"https:\/\/iraurgiberritzen.eus\/es\/wp-json\/wp\/v2\/pages\/16471"}],"wp:featuredmedia":[{"embeddable":true,"href":"https:\/\/iraurgiberritzen.eus\/es\/wp-json\/wp\/v2\/media\/14833"}],"wp:attachment":[{"href":"https:\/\/iraurgiberritzen.eus\/es\/wp-json\/wp\/v2\/media?parent=16458"}],"curies":[{"name":"wp","href":"https:\/\/api.w.org\/{rel}","templated":true}]}}

<p>Se trata de un proyecto que pretende acercar al alumnado a la realidad socioeconómica de la comarca.</p>
<div class="row">
<div class="col-md-12 col-xs-12">
<p>El  alumnado de la ESO 3 y ESO 4 <strong>experimenta en base a nuevas metodologías de aprendizaje,</strong> mientras trabajan competencias y valores como la <strong>autonomía, el trabajo en equipo, la creatividad, competencias digitales o la comunicación.</strong></p>
<p>A lo largo del proyecto <strong>mantienen contacto directo con los diferentes agentes de comarca a través de la realización de entrevistas cerradas</strong>, de los cuales <strong>recaban información según las dudas</strong> correspondientes realizando <strong>un trabajo en equipo en consecuencia</strong>, previo a su presentación en una última dinámica.</p>
<p>En el siguiente video se pueden visualizar los detalles del proyecto.</p>
</div>
</div>

<p>Se trata de un proyecto que pretende acercar al alumnado a la realidad socioeconómica de la comarca. El  alumnado de la ESO 3 y ESO 4 experimenta en base a nuevas metodologías de aprendizaje, mientras trabajan competencias y valores como la autonomía, el trabajo en equipo, la creatividad, competencias digitales o la comunicación. A lo largo del [&hellip;]</p>

<!-- This site is optimized with the Yoast SEO plugin v27.4 - https://yoast.com/product/yoast-seo-wordpress/ -->
<title>Elkarrekin eraikitzen - Iraurgi Berritzen</title>
<meta name="robots" content="index, follow, max-snippet:-1, max-image-preview:large, max-video-preview:-1" />
<link rel="canonical" href="https://iraurgiberritzen.eus/es/educacion/elkarrekin-eraikitzen/" />
<meta property="og:locale" content="es_ES" />
<meta property="og:type" content="article" />
<meta property="og:title" content="Elkarrekin eraikitzen - Iraurgi Berritzen" />
<meta property="og:description" content="Se trata de un proyecto que pretende acercar al alumnado a la realidad socioeconómica de la comarca. El  alumnado de la ESO 3 y ESO 4 experimenta en base a nuevas metodologías de aprendizaje, mientras trabajan competencias y valores como la autonomía, el trabajo en equipo, la creatividad, competencias digitales o la comunicación. A lo largo del [&hellip;]" />
<meta property="og:url" content="https://iraurgiberritzen.eus/es/educacion/elkarrekin-eraikitzen/" />
<meta property="og:site_name" content="Iraurgi Berritzen" />
<meta property="article:modified_time" content="2025-10-20T11:31:15+00:00" />
<meta property="og:image" content="https://iraurgiberritzen.eus/wp-content/uploads/2023/09/ELKARREKIN-ERAIKITZEN-scaled.jpg" />
	<meta property="og:image:width" content="2560" />
	<meta property="og:image:height" content="1707" />
	<meta property="og:image:type" content="image/jpeg" />
<meta name="twitter:card" content="summary_large_image" />
<meta name="twitter:label1" content="Tiempo de lectura" />
	<meta name="twitter:data1" content="1 minuto" />
<script type="application/ld+json" class="yoast-schema-graph">{"@context":"https:\/\/schema.org","@graph":[{"@type":"WebPage","@id":"https:\/\/iraurgiberritzen.eus\/es\/educacion\/elkarrekin-eraikitzen\/","url":"https:\/\/iraurgiberritzen.eus\/es\/educacion\/elkarrekin-eraikitzen\/","name":"Elkarrekin eraikitzen - Iraurgi Berritzen","isPartOf":{"@id":"https:\/\/iraurgiberritzen.eus\/es\/#website"},"primaryImageOfPage":{"@id":"https:\/\/iraurgiberritzen.eus\/es\/educacion\/elkarrekin-eraikitzen\/#primaryimage"},"image":{"@id":"https:\/\/iraurgiberritzen.eus\/es\/educacion\/elkarrekin-eraikitzen\/#primaryimage"},"thumbnailUrl":"https:\/\/iraurgiberritzen.eus\/wp-content\/uploads\/2023\/09\/ELKARREKIN-ERAIKITZEN-scaled.jpg","datePublished":"2023-12-21T08:35:14+00:00","dateModified":"2025-10-20T11:31:15+00:00","breadcrumb":{"@id":"https:\/\/iraurgiberritzen.eus\/es\/educacion\/elkarrekin-eraikitzen\/#breadcrumb"},"inLanguage":"es","potentialAction":[{"@type":"ReadAction","target":["https:\/\/iraurgiberritzen.eus\/es\/educacion\/elkarrekin-eraikitzen\/"]}]},{"@type":"ImageObject","inLanguage":"es","@id":"https:\/\/iraurgiberritzen.eus\/es\/educacion\/elkarrekin-eraikitzen\/#primaryimage","url":"https:\/\/iraurgiberritzen.eus\/wp-content\/uploads\/2023\/09\/ELKARREKIN-ERAIKITZEN-scaled.jpg","contentUrl":"https:\/\/iraurgiberritzen.eus\/wp-content\/uploads\/2023\/09\/ELKARREKIN-ERAIKITZEN-scaled.jpg","width":2560,"height":1707,"caption":"elkarrekin eraikitzen irudia"},{"@type":"BreadcrumbList","@id":"https:\/\/iraurgiberritzen.eus\/es\/educacion\/elkarrekin-eraikitzen\/#breadcrumb","itemListElement":[{"@type":"ListItem","position":1,"name":"Home","item":"https:\/\/iraurgiberritzen.eus\/es\/"},{"@type":"ListItem","position":2,"name":"Educación","item":"https:\/\/iraurgiberritzen.eus\/es\/educacion\/"},{"@type":"ListItem","position":3,"name":"Elkarrekin eraikitzen"}]},{"@type":"WebSite","@id":"https:\/\/iraurgiberritzen.eus\/es\/#website","url":"https:\/\/iraurgiberritzen.eus\/es\/","name":"Iraurgi Berritzen","description":"Urola Erdiko Garapen Agentzia","publisher":{"@id":"https:\/\/iraurgiberritzen.eus\/es\/#organization"},"potentialAction":[{"@type":"SearchAction","target":{"@type":"EntryPoint","urlTemplate":"https:\/\/iraurgiberritzen.eus\/es\/?s={search_term_string}"},"query-input":{"@type":"PropertyValueSpecification","valueRequired":true,"valueName":"search_term_string"}}],"inLanguage":"es"},{"@type":"Organization","@id":"https:\/\/iraurgiberritzen.eus\/es\/#organization","name":"Iraurgi Berritzen","url":"https:\/\/iraurgiberritzen.eus\/es\/","logo":{"@type":"ImageObject","inLanguage":"es","@id":"https:\/\/iraurgiberritzen.eus\/es\/#\/schema\/logo\/image\/","url":"https:\/\/iraurgiberritzen.eus\/wp-content\/uploads\/2024\/02\/IRAURGI-BERRITZEN-logotipoa_2.png","contentUrl":"https:\/\/iraurgiberritzen.eus\/wp-content\/uploads\/2024\/02\/IRAURGI-BERRITZEN-logotipoa_2.png","width":496,"height":190,"caption":"Iraurgi Berritzen"},"image":{"@id":"https:\/\/iraurgiberritzen.eus\/es\/#\/schema\/logo\/image\/"}}]}</script>
<!-- / Yoast SEO plugin. -->

Se trata de un proyecto que pretende acercar al alumnado a la realidad socioeconómica de la comarca. El  alumnado de la ESO 3 y ESO 4 experimenta en base a nuevas metodologías de aprendizaje, mientras trabajan competencias y valores como la autonomía, el trabajo en equipo, la creatividad, competencias digitales o la comunicación. A lo largo del [&hellip;]

Educación
