{"id":16460,"date":"2023-12-21T10:54:04","date_gmt":"2023-12-21T08:54:04","guid":{"rendered":"https:\/\/iraurgiberritzen.eus\/gerolan\/"},"modified":"2025-09-24T09:16:52","modified_gmt":"2025-09-24T07:16:52","slug":"gerolan","status":"publish","type":"page","link":"https:\/\/iraurgiberritzen.eus\/es\/educacion\/gerolan\/","title":{"rendered":"Gerolan"},"content":{"rendered":"<p>Se trata de un proyecto que busca\u00a0<strong>reforzar la orientaci\u00f3n acad\u00e9mica del alumnado<\/strong>\u00a0de\u00a0la <strong>ESO4 y 2\u00ba de Bachiller<\/strong> en la comarca y que se trabaja de la mano con los orientadores de los 5 centros educativos.<\/p>\n<div class=\"row\">\n<div class=\"col-md-12 col-xs-12\">\n<p>Con el objetivo de ayudar en la elecci\u00f3n de los estudios que quieren hacer, organizamos unas sesiones de reflexi\u00f3n individualizados en aula primero, para identificar as\u00ed intereses concretos de manera mucho m\u00e1s orientada.<\/p>\n<p>En funci\u00f3n de estos intereses se organizan visitas a los diferentes agentes de la comarca para poder conocer de cerca los diferentes puestos de trabajo y las experiencias de los propios trabajadores, para as\u00ed, tengan la mayor informaci\u00f3n y conocimiento posible a la hora de tomar la decisi\u00f3n correspondiente.<\/p>\n<p>En el siguiente video se pueden visualizar los detalles del proyecto.<\/p>\n<\/div>\n<\/div>\n","protected":false},"excerpt":{"rendered":"<p>Se trata de un proyecto que busca\u00a0reforzar la orientaci\u00f3n acad\u00e9mica del alumnado\u00a0de\u00a0la ESO4 y 2\u00ba de Bachiller en la comarca y que se trabaja de la mano con los orientadores de los 5 centros educativos. Con el objetivo de ayudar en la elecci\u00f3n de los estudios que quieren hacer, organizamos unas sesiones de reflexi\u00f3n individualizados [&hellip;]<\/p>\n","protected":false},"author":1,"featured_media":14842,"parent":16471,"menu_order":0,"comment_status":"closed","ping_status":"closed","template":"template-arloak-hezkuntza-proiektuak.php","meta":{"_acf_changed":false,"footnotes":""},"class_list":["post-16460","page","type-page","status-publish","has-post-thumbnail","hentry","arloak-educacion","arloak-gerolan-es"],"acf":[],"yoast_head":"<!-- This site is optimized with the Yoast SEO plugin v27.4 - https:\/\/yoast.com\/product\/yoast-seo-wordpress\/ -->\n<title>Gerolan - Iraurgi Berritzen<\/title>\n<meta name=\"robots\" content=\"index, follow, max-snippet:-1, max-image-preview:large, max-video-preview:-1\" \/>\n<link rel=\"canonical\" href=\"https:\/\/iraurgiberritzen.eus\/es\/educacion\/gerolan\/\" \/>\n<meta property=\"og:locale\" content=\"es_ES\" \/>\n<meta property=\"og:type\" content=\"article\" \/>\n<meta property=\"og:title\" content=\"Gerolan - Iraurgi Berritzen\" \/>\n<meta property=\"og:description\" content=\"Se trata de un proyecto que busca\u00a0reforzar la orientaci\u00f3n acad\u00e9mica del alumnado\u00a0de\u00a0la ESO4 y 2\u00ba de Bachiller en la comarca y que se trabaja de la mano con los orientadores de los 5 centros educativos. Con el objetivo de ayudar en la elecci\u00f3n de los estudios que quieren hacer, organizamos unas sesiones de reflexi\u00f3n individualizados [&hellip;]\" \/>\n<meta property=\"og:url\" content=\"https:\/\/iraurgiberritzen.eus\/es\/educacion\/gerolan\/\" \/>\n<meta property=\"og:site_name\" content=\"Iraurgi Berritzen\" \/>\n<meta property=\"article:modified_time\" content=\"2025-09-24T07:16:52+00:00\" \/>\n<meta property=\"og:image\" content=\"https:\/\/iraurgiberritzen.eus\/wp-content\/uploads\/2023\/09\/GEROLAN.jpg\" \/>\n\t<meta property=\"og:image:width\" content=\"1600\" \/>\n\t<meta property=\"og:image:height\" content=\"1200\" \/>\n\t<meta property=\"og:image:type\" content=\"image\/jpeg\" \/>\n<meta name=\"twitter:card\" content=\"summary_large_image\" \/>\n<meta name=\"twitter:label1\" content=\"Tiempo de lectura\" \/>\n\t<meta name=\"twitter:data1\" content=\"1 minuto\" \/>\n<script type=\"application\/ld+json\" class=\"yoast-schema-graph\">{\"@context\":\"https:\\\/\\\/schema.org\",\"@graph\":[{\"@type\":\"WebPage\",\"@id\":\"https:\\\/\\\/iraurgiberritzen.eus\\\/es\\\/educacion\\\/gerolan\\\/\",\"url\":\"https:\\\/\\\/iraurgiberritzen.eus\\\/es\\\/educacion\\\/gerolan\\\/\",\"name\":\"Gerolan - Iraurgi Berritzen\",\"isPartOf\":{\"@id\":\"https:\\\/\\\/iraurgiberritzen.eus\\\/es\\\/#website\"},\"primaryImageOfPage\":{\"@id\":\"https:\\\/\\\/iraurgiberritzen.eus\\\/es\\\/educacion\\\/gerolan\\\/#primaryimage\"},\"image\":{\"@id\":\"https:\\\/\\\/iraurgiberritzen.eus\\\/es\\\/educacion\\\/gerolan\\\/#primaryimage\"},\"thumbnailUrl\":\"https:\\\/\\\/iraurgiberritzen.eus\\\/wp-content\\\/uploads\\\/2023\\\/09\\\/GEROLAN.jpg\",\"datePublished\":\"2023-12-21T08:54:04+00:00\",\"dateModified\":\"2025-09-24T07:16:52+00:00\",\"breadcrumb\":{\"@id\":\"https:\\\/\\\/iraurgiberritzen.eus\\\/es\\\/educacion\\\/gerolan\\\/#breadcrumb\"},\"inLanguage\":\"es\",\"potentialAction\":[{\"@type\":\"ReadAction\",\"target\":[\"https:\\\/\\\/iraurgiberritzen.eus\\\/es\\\/educacion\\\/gerolan\\\/\"]}]},{\"@type\":\"ImageObject\",\"inLanguage\":\"es\",\"@id\":\"https:\\\/\\\/iraurgiberritzen.eus\\\/es\\\/educacion\\\/gerolan\\\/#primaryimage\",\"url\":\"https:\\\/\\\/iraurgiberritzen.eus\\\/wp-content\\\/uploads\\\/2023\\\/09\\\/GEROLAN.jpg\",\"contentUrl\":\"https:\\\/\\\/iraurgiberritzen.eus\\\/wp-content\\\/uploads\\\/2023\\\/09\\\/GEROLAN.jpg\",\"width\":1600,\"height\":1200,\"caption\":\"gerolan proiektuaren irudia\"},{\"@type\":\"BreadcrumbList\",\"@id\":\"https:\\\/\\\/iraurgiberritzen.eus\\\/es\\\/educacion\\\/gerolan\\\/#breadcrumb\",\"itemListElement\":[{\"@type\":\"ListItem\",\"position\":1,\"name\":\"Home\",\"item\":\"https:\\\/\\\/iraurgiberritzen.eus\\\/es\\\/\"},{\"@type\":\"ListItem\",\"position\":2,\"name\":\"Educaci\u00f3n\",\"item\":\"https:\\\/\\\/iraurgiberritzen.eus\\\/es\\\/educacion\\\/\"},{\"@type\":\"ListItem\",\"position\":3,\"name\":\"Gerolan\"}]},{\"@type\":\"WebSite\",\"@id\":\"https:\\\/\\\/iraurgiberritzen.eus\\\/es\\\/#website\",\"url\":\"https:\\\/\\\/iraurgiberritzen.eus\\\/es\\\/\",\"name\":\"Iraurgi Berritzen\",\"description\":\"Urola Erdiko Garapen Agentzia\",\"publisher\":{\"@id\":\"https:\\\/\\\/iraurgiberritzen.eus\\\/es\\\/#organization\"},\"potentialAction\":[{\"@type\":\"SearchAction\",\"target\":{\"@type\":\"EntryPoint\",\"urlTemplate\":\"https:\\\/\\\/iraurgiberritzen.eus\\\/es\\\/?s={search_term_string}\"},\"query-input\":{\"@type\":\"PropertyValueSpecification\",\"valueRequired\":true,\"valueName\":\"search_term_string\"}}],\"inLanguage\":\"es\"},{\"@type\":\"Organization\",\"@id\":\"https:\\\/\\\/iraurgiberritzen.eus\\\/es\\\/#organization\",\"name\":\"Iraurgi Berritzen\",\"url\":\"https:\\\/\\\/iraurgiberritzen.eus\\\/es\\\/\",\"logo\":{\"@type\":\"ImageObject\",\"inLanguage\":\"es\",\"@id\":\"https:\\\/\\\/iraurgiberritzen.eus\\\/es\\\/#\\\/schema\\\/logo\\\/image\\\/\",\"url\":\"https:\\\/\\\/iraurgiberritzen.eus\\\/wp-content\\\/uploads\\\/2024\\\/02\\\/IRAURGI-BERRITZEN-logotipoa_2.png\",\"contentUrl\":\"https:\\\/\\\/iraurgiberritzen.eus\\\/wp-content\\\/uploads\\\/2024\\\/02\\\/IRAURGI-BERRITZEN-logotipoa_2.png\",\"width\":496,\"height\":190,\"caption\":\"Iraurgi Berritzen\"},\"image\":{\"@id\":\"https:\\\/\\\/iraurgiberritzen.eus\\\/es\\\/#\\\/schema\\\/logo\\\/image\\\/\"}}]}<\/script>\n<!-- \/ Yoast SEO plugin. -->","yoast_head_json":{"title":"Gerolan - Iraurgi Berritzen","robots":{"index":"index","follow":"follow","max-snippet":"max-snippet:-1","max-image-preview":"max-image-preview:large","max-video-preview":"max-video-preview:-1"},"canonical":"https:\/\/iraurgiberritzen.eus\/es\/educacion\/gerolan\/","og_locale":"es_ES","og_type":"article","og_title":"Gerolan - Iraurgi Berritzen","og_description":"Se trata de un proyecto que busca\u00a0reforzar la orientaci\u00f3n acad\u00e9mica del alumnado\u00a0de\u00a0la ESO4 y 2\u00ba de Bachiller en la comarca y que se trabaja de la mano con los orientadores de los 5 centros educativos. Con el objetivo de ayudar en la elecci\u00f3n de los estudios que quieren hacer, organizamos unas sesiones de reflexi\u00f3n individualizados [&hellip;]","og_url":"https:\/\/iraurgiberritzen.eus\/es\/educacion\/gerolan\/","og_site_name":"Iraurgi Berritzen","article_modified_time":"2025-09-24T07:16:52+00:00","og_image":[{"width":1600,"height":1200,"url":"https:\/\/iraurgiberritzen.eus\/wp-content\/uploads\/2023\/09\/GEROLAN.jpg","type":"image\/jpeg"}],"twitter_card":"summary_large_image","twitter_misc":{"Tiempo de lectura":"1 minuto"},"schema":{"@context":"https:\/\/schema.org","@graph":[{"@type":"WebPage","@id":"https:\/\/iraurgiberritzen.eus\/es\/educacion\/gerolan\/","url":"https:\/\/iraurgiberritzen.eus\/es\/educacion\/gerolan\/","name":"Gerolan - Iraurgi Berritzen","isPartOf":{"@id":"https:\/\/iraurgiberritzen.eus\/es\/#website"},"primaryImageOfPage":{"@id":"https:\/\/iraurgiberritzen.eus\/es\/educacion\/gerolan\/#primaryimage"},"image":{"@id":"https:\/\/iraurgiberritzen.eus\/es\/educacion\/gerolan\/#primaryimage"},"thumbnailUrl":"https:\/\/iraurgiberritzen.eus\/wp-content\/uploads\/2023\/09\/GEROLAN.jpg","datePublished":"2023-12-21T08:54:04+00:00","dateModified":"2025-09-24T07:16:52+00:00","breadcrumb":{"@id":"https:\/\/iraurgiberritzen.eus\/es\/educacion\/gerolan\/#breadcrumb"},"inLanguage":"es","potentialAction":[{"@type":"ReadAction","target":["https:\/\/iraurgiberritzen.eus\/es\/educacion\/gerolan\/"]}]},{"@type":"ImageObject","inLanguage":"es","@id":"https:\/\/iraurgiberritzen.eus\/es\/educacion\/gerolan\/#primaryimage","url":"https:\/\/iraurgiberritzen.eus\/wp-content\/uploads\/2023\/09\/GEROLAN.jpg","contentUrl":"https:\/\/iraurgiberritzen.eus\/wp-content\/uploads\/2023\/09\/GEROLAN.jpg","width":1600,"height":1200,"caption":"gerolan proiektuaren irudia"},{"@type":"BreadcrumbList","@id":"https:\/\/iraurgiberritzen.eus\/es\/educacion\/gerolan\/#breadcrumb","itemListElement":[{"@type":"ListItem","position":1,"name":"Home","item":"https:\/\/iraurgiberritzen.eus\/es\/"},{"@type":"ListItem","position":2,"name":"Educaci\u00f3n","item":"https:\/\/iraurgiberritzen.eus\/es\/educacion\/"},{"@type":"ListItem","position":3,"name":"Gerolan"}]},{"@type":"WebSite","@id":"https:\/\/iraurgiberritzen.eus\/es\/#website","url":"https:\/\/iraurgiberritzen.eus\/es\/","name":"Iraurgi Berritzen","description":"Urola Erdiko Garapen Agentzia","publisher":{"@id":"https:\/\/iraurgiberritzen.eus\/es\/#organization"},"potentialAction":[{"@type":"SearchAction","target":{"@type":"EntryPoint","urlTemplate":"https:\/\/iraurgiberritzen.eus\/es\/?s={search_term_string}"},"query-input":{"@type":"PropertyValueSpecification","valueRequired":true,"valueName":"search_term_string"}}],"inLanguage":"es"},{"@type":"Organization","@id":"https:\/\/iraurgiberritzen.eus\/es\/#organization","name":"Iraurgi Berritzen","url":"https:\/\/iraurgiberritzen.eus\/es\/","logo":{"@type":"ImageObject","inLanguage":"es","@id":"https:\/\/iraurgiberritzen.eus\/es\/#\/schema\/logo\/image\/","url":"https:\/\/iraurgiberritzen.eus\/wp-content\/uploads\/2024\/02\/IRAURGI-BERRITZEN-logotipoa_2.png","contentUrl":"https:\/\/iraurgiberritzen.eus\/wp-content\/uploads\/2024\/02\/IRAURGI-BERRITZEN-logotipoa_2.png","width":496,"height":190,"caption":"Iraurgi Berritzen"},"image":{"@id":"https:\/\/iraurgiberritzen.eus\/es\/#\/schema\/logo\/image\/"}}]}},"_links":{"self":[{"href":"https:\/\/iraurgiberritzen.eus\/es\/wp-json\/wp\/v2\/pages\/16460","targetHints":{"allow":["GET"]}}],"collection":[{"href":"https:\/\/iraurgiberritzen.eus\/es\/wp-json\/wp\/v2\/pages"}],"about":[{"href":"https:\/\/iraurgiberritzen.eus\/es\/wp-json\/wp\/v2\/types\/page"}],"author":[{"embeddable":true,"href":"https:\/\/iraurgiberritzen.eus\/es\/wp-json\/wp\/v2\/users\/1"}],"replies":[{"embeddable":true,"href":"https:\/\/iraurgiberritzen.eus\/es\/wp-json\/wp\/v2\/comments?post=16460"}],"version-history":[{"count":11,"href":"https:\/\/iraurgiberritzen.eus\/es\/wp-json\/wp\/v2\/pages\/16460\/revisions"}],"predecessor-version":[{"id":24754,"href":"https:\/\/iraurgiberritzen.eus\/es\/wp-json\/wp\/v2\/pages\/16460\/revisions\/24754"}],"up":[{"embeddable":true,"href":"https:\/\/iraurgiberritzen.eus\/es\/wp-json\/wp\/v2\/pages\/16471"}],"wp:featuredmedia":[{"embeddable":true,"href":"https:\/\/iraurgiberritzen.eus\/es\/wp-json\/wp\/v2\/media\/14842"}],"wp:attachment":[{"href":"https:\/\/iraurgiberritzen.eus\/es\/wp-json\/wp\/v2\/media?parent=16460"}],"curies":[{"name":"wp","href":"https:\/\/api.w.org\/{rel}","templated":true}]}}

<p>Se trata de un proyecto que busca <strong>reforzar la orientación académica del alumnado</strong> de la <strong>ESO4 y 2º de Bachiller</strong> en la comarca y que se trabaja de la mano con los orientadores de los 5 centros educativos.</p>
<div class="row">
<div class="col-md-12 col-xs-12">
<p>Con el objetivo de ayudar en la elección de los estudios que quieren hacer, organizamos unas sesiones de reflexión individualizados en aula primero, para identificar así intereses concretos de manera mucho más orientada.</p>
<p>En función de estos intereses se organizan visitas a los diferentes agentes de la comarca para poder conocer de cerca los diferentes puestos de trabajo y las experiencias de los propios trabajadores, para así, tengan la mayor información y conocimiento posible a la hora de tomar la decisión correspondiente.</p>
<p>En el siguiente video se pueden visualizar los detalles del proyecto.</p>
</div>
</div>

<p>Se trata de un proyecto que busca reforzar la orientación académica del alumnado de la ESO4 y 2º de Bachiller en la comarca y que se trabaja de la mano con los orientadores de los 5 centros educativos. Con el objetivo de ayudar en la elección de los estudios que quieren hacer, organizamos unas sesiones de reflexión individualizados [&hellip;]</p>

<!-- This site is optimized with the Yoast SEO plugin v27.4 - https://yoast.com/product/yoast-seo-wordpress/ -->
<title>Gerolan - Iraurgi Berritzen</title>
<meta name="robots" content="index, follow, max-snippet:-1, max-image-preview:large, max-video-preview:-1" />
<link rel="canonical" href="https://iraurgiberritzen.eus/es/educacion/gerolan/" />
<meta property="og:locale" content="es_ES" />
<meta property="og:type" content="article" />
<meta property="og:title" content="Gerolan - Iraurgi Berritzen" />
<meta property="og:description" content="Se trata de un proyecto que busca reforzar la orientación académica del alumnado de la ESO4 y 2º de Bachiller en la comarca y que se trabaja de la mano con los orientadores de los 5 centros educativos. Con el objetivo de ayudar en la elección de los estudios que quieren hacer, organizamos unas sesiones de reflexión individualizados [&hellip;]" />
<meta property="og:url" content="https://iraurgiberritzen.eus/es/educacion/gerolan/" />
<meta property="og:site_name" content="Iraurgi Berritzen" />
<meta property="article:modified_time" content="2025-09-24T07:16:52+00:00" />
<meta property="og:image" content="https://iraurgiberritzen.eus/wp-content/uploads/2023/09/GEROLAN.jpg" />
	<meta property="og:image:width" content="1600" />
	<meta property="og:image:height" content="1200" />
	<meta property="og:image:type" content="image/jpeg" />
<meta name="twitter:card" content="summary_large_image" />
<meta name="twitter:label1" content="Tiempo de lectura" />
	<meta name="twitter:data1" content="1 minuto" />
<script type="application/ld+json" class="yoast-schema-graph">{"@context":"https:\/\/schema.org","@graph":[{"@type":"WebPage","@id":"https:\/\/iraurgiberritzen.eus\/es\/educacion\/gerolan\/","url":"https:\/\/iraurgiberritzen.eus\/es\/educacion\/gerolan\/","name":"Gerolan - Iraurgi Berritzen","isPartOf":{"@id":"https:\/\/iraurgiberritzen.eus\/es\/#website"},"primaryImageOfPage":{"@id":"https:\/\/iraurgiberritzen.eus\/es\/educacion\/gerolan\/#primaryimage"},"image":{"@id":"https:\/\/iraurgiberritzen.eus\/es\/educacion\/gerolan\/#primaryimage"},"thumbnailUrl":"https:\/\/iraurgiberritzen.eus\/wp-content\/uploads\/2023\/09\/GEROLAN.jpg","datePublished":"2023-12-21T08:54:04+00:00","dateModified":"2025-09-24T07:16:52+00:00","breadcrumb":{"@id":"https:\/\/iraurgiberritzen.eus\/es\/educacion\/gerolan\/#breadcrumb"},"inLanguage":"es","potentialAction":[{"@type":"ReadAction","target":["https:\/\/iraurgiberritzen.eus\/es\/educacion\/gerolan\/"]}]},{"@type":"ImageObject","inLanguage":"es","@id":"https:\/\/iraurgiberritzen.eus\/es\/educacion\/gerolan\/#primaryimage","url":"https:\/\/iraurgiberritzen.eus\/wp-content\/uploads\/2023\/09\/GEROLAN.jpg","contentUrl":"https:\/\/iraurgiberritzen.eus\/wp-content\/uploads\/2023\/09\/GEROLAN.jpg","width":1600,"height":1200,"caption":"gerolan proiektuaren irudia"},{"@type":"BreadcrumbList","@id":"https:\/\/iraurgiberritzen.eus\/es\/educacion\/gerolan\/#breadcrumb","itemListElement":[{"@type":"ListItem","position":1,"name":"Home","item":"https:\/\/iraurgiberritzen.eus\/es\/"},{"@type":"ListItem","position":2,"name":"Educación","item":"https:\/\/iraurgiberritzen.eus\/es\/educacion\/"},{"@type":"ListItem","position":3,"name":"Gerolan"}]},{"@type":"WebSite","@id":"https:\/\/iraurgiberritzen.eus\/es\/#website","url":"https:\/\/iraurgiberritzen.eus\/es\/","name":"Iraurgi Berritzen","description":"Urola Erdiko Garapen Agentzia","publisher":{"@id":"https:\/\/iraurgiberritzen.eus\/es\/#organization"},"potentialAction":[{"@type":"SearchAction","target":{"@type":"EntryPoint","urlTemplate":"https:\/\/iraurgiberritzen.eus\/es\/?s={search_term_string}"},"query-input":{"@type":"PropertyValueSpecification","valueRequired":true,"valueName":"search_term_string"}}],"inLanguage":"es"},{"@type":"Organization","@id":"https:\/\/iraurgiberritzen.eus\/es\/#organization","name":"Iraurgi Berritzen","url":"https:\/\/iraurgiberritzen.eus\/es\/","logo":{"@type":"ImageObject","inLanguage":"es","@id":"https:\/\/iraurgiberritzen.eus\/es\/#\/schema\/logo\/image\/","url":"https:\/\/iraurgiberritzen.eus\/wp-content\/uploads\/2024\/02\/IRAURGI-BERRITZEN-logotipoa_2.png","contentUrl":"https:\/\/iraurgiberritzen.eus\/wp-content\/uploads\/2024\/02\/IRAURGI-BERRITZEN-logotipoa_2.png","width":496,"height":190,"caption":"Iraurgi Berritzen"},"image":{"@id":"https:\/\/iraurgiberritzen.eus\/es\/#\/schema\/logo\/image\/"}}]}</script>
<!-- / Yoast SEO plugin. -->

Se trata de un proyecto que busca reforzar la orientación académica del alumnado de la ESO4 y 2º de Bachiller en la comarca y que se trabaja de la mano con los orientadores de los 5 centros educativos. Con el objetivo de ayudar en la elección de los estudios que quieren hacer, organizamos unas sesiones de reflexión individualizados [&hellip;]

Educación
