{"id":16476,"date":"2023-12-21T15:32:05","date_gmt":"2023-12-21T13:32:05","guid":{"rendered":"https:\/\/iraurgiberritzen.eus\/gobernanza-colaborativa\/"},"modified":"2025-06-27T08:46:28","modified_gmt":"2025-06-27T06:46:28","slug":"gobernanza-colaborativa","status":"publish","type":"page","link":"https:\/\/iraurgiberritzen.eus\/es\/gobernanza-colaborativa\/","title":{"rendered":"Gobernanza Colaborativa"},"content":{"rendered":"<p class=\"gorria\"><strong>\u00bfA trav\u00e9s de qu\u00e9?\u00a0<\/strong><\/p>\n<div class=\"row\">\n<div class=\"col-md-12 col-xs-12\">\n<p>La <strong>propuesta de valor<\/strong> de nuestra Gobernanza Colaborativa consiste en una<strong> clara orientaci\u00f3n a los agentes con los que colaboramos, <\/strong>basada en los principios de <strong>transparencia, cercan\u00eda y la confianza<\/strong>.<\/p>\n<\/div>\n<\/div>\n<p class=\"gorria\"><strong>\u00bfC\u00f3mo?<\/strong><\/p>\n<div class=\"row\">\n<div class=\"col-md-12 col-xs-12\">\n<p>Reforzamos la colaboraci\u00f3n p\u00fablico privada con los agentes de la comarca mediante <strong>siete espacios de trabajo denominados GUNEs<\/strong>: Tokiko Garapen Gunea, Industria Gunea, Hezkuntza Gunea, Urolanprest Enplegu Gunea, Ekintzailetza Gunea, Merkataritza Gunea y Turismo Gunea. Estos foros cuentan con estructuras estables y procedimientos concretos que han sido consensuados de manera conjunta.<\/p>\n<p class=\"gorria\"><strong>\u00bfPara qu\u00e9?<\/strong><\/p>\n<\/div>\n<div><strong>Analizar, decidir y actua<\/strong>r para dar respuesta a los retos y necesidades espec\u00edficas de la comarca.<\/div>\n<\/div>\n","protected":false},"excerpt":{"rendered":"<p>\u00bfA trav\u00e9s de qu\u00e9?\u00a0 La propuesta de valor de nuestra Gobernanza Colaborativa consiste en una clara orientaci\u00f3n a los agentes con los que colaboramos, basada en los principios de transparencia, cercan\u00eda y la confianza. \u00bfC\u00f3mo? Reforzamos la colaboraci\u00f3n p\u00fablico privada con los agentes de la comarca mediante siete espacios de trabajo denominados GUNEs: Tokiko Garapen [&hellip;]<\/p>\n","protected":false},"author":1,"featured_media":16537,"parent":0,"menu_order":0,"comment_status":"closed","ping_status":"closed","template":"template-iberritzen-gobernantza.php","meta":{"_acf_changed":false,"footnotes":""},"class_list":["post-16476","page","type-page","status-publish","has-post-thumbnail","hentry"],"acf":[],"yoast_head":"<!-- This site is optimized with the Yoast SEO plugin v27.4 - https:\/\/yoast.com\/product\/yoast-seo-wordpress\/ -->\n<title>Gobernanza Colaborativa - Iraurgi Berritzen<\/title>\n<meta name=\"robots\" content=\"index, follow, max-snippet:-1, max-image-preview:large, max-video-preview:-1\" \/>\n<link rel=\"canonical\" href=\"https:\/\/iraurgiberritzen.eus\/es\/gobernanza-colaborativa\/\" \/>\n<meta property=\"og:locale\" content=\"es_ES\" \/>\n<meta property=\"og:type\" content=\"article\" \/>\n<meta property=\"og:title\" content=\"Gobernanza Colaborativa - Iraurgi Berritzen\" \/>\n<meta property=\"og:description\" content=\"\u00bfA trav\u00e9s de qu\u00e9?\u00a0 La propuesta de valor de nuestra Gobernanza Colaborativa consiste en una clara orientaci\u00f3n a los agentes con los que colaboramos, basada en los principios de transparencia, cercan\u00eda y la confianza. \u00bfC\u00f3mo? Reforzamos la colaboraci\u00f3n p\u00fablico privada con los agentes de la comarca mediante siete espacios de trabajo denominados GUNEs: Tokiko Garapen [&hellip;]\" \/>\n<meta property=\"og:url\" content=\"https:\/\/iraurgiberritzen.eus\/es\/gobernanza-colaborativa\/\" \/>\n<meta property=\"og:site_name\" content=\"Iraurgi Berritzen\" \/>\n<meta property=\"article:modified_time\" content=\"2025-06-27T06:46:28+00:00\" \/>\n<meta property=\"og:image\" content=\"https:\/\/iraurgiberritzen.eus\/wp-content\/uploads\/2023\/12\/4-2.png\" \/>\n\t<meta property=\"og:image:width\" content=\"2000\" \/>\n\t<meta property=\"og:image:height\" content=\"600\" \/>\n\t<meta property=\"og:image:type\" content=\"image\/png\" \/>\n<meta name=\"twitter:card\" content=\"summary_large_image\" \/>\n<meta name=\"twitter:label1\" content=\"Tiempo de lectura\" \/>\n\t<meta name=\"twitter:data1\" content=\"1 minuto\" \/>\n<script type=\"application\/ld+json\" class=\"yoast-schema-graph\">{\"@context\":\"https:\\\/\\\/schema.org\",\"@graph\":[{\"@type\":\"WebPage\",\"@id\":\"https:\\\/\\\/iraurgiberritzen.eus\\\/es\\\/gobernanza-colaborativa\\\/\",\"url\":\"https:\\\/\\\/iraurgiberritzen.eus\\\/es\\\/gobernanza-colaborativa\\\/\",\"name\":\"Gobernanza Colaborativa - Iraurgi Berritzen\",\"isPartOf\":{\"@id\":\"https:\\\/\\\/iraurgiberritzen.eus\\\/es\\\/#website\"},\"primaryImageOfPage\":{\"@id\":\"https:\\\/\\\/iraurgiberritzen.eus\\\/es\\\/gobernanza-colaborativa\\\/#primaryimage\"},\"image\":{\"@id\":\"https:\\\/\\\/iraurgiberritzen.eus\\\/es\\\/gobernanza-colaborativa\\\/#primaryimage\"},\"thumbnailUrl\":\"https:\\\/\\\/iraurgiberritzen.eus\\\/wp-content\\\/uploads\\\/2023\\\/12\\\/4-2.png\",\"datePublished\":\"2023-12-21T13:32:05+00:00\",\"dateModified\":\"2025-06-27T06:46:28+00:00\",\"breadcrumb\":{\"@id\":\"https:\\\/\\\/iraurgiberritzen.eus\\\/es\\\/gobernanza-colaborativa\\\/#breadcrumb\"},\"inLanguage\":\"es\",\"potentialAction\":[{\"@type\":\"ReadAction\",\"target\":[\"https:\\\/\\\/iraurgiberritzen.eus\\\/es\\\/gobernanza-colaborativa\\\/\"]}]},{\"@type\":\"ImageObject\",\"inLanguage\":\"es\",\"@id\":\"https:\\\/\\\/iraurgiberritzen.eus\\\/es\\\/gobernanza-colaborativa\\\/#primaryimage\",\"url\":\"https:\\\/\\\/iraurgiberritzen.eus\\\/wp-content\\\/uploads\\\/2023\\\/12\\\/4-2.png\",\"contentUrl\":\"https:\\\/\\\/iraurgiberritzen.eus\\\/wp-content\\\/uploads\\\/2023\\\/12\\\/4-2.png\",\"width\":2000,\"height\":600},{\"@type\":\"BreadcrumbList\",\"@id\":\"https:\\\/\\\/iraurgiberritzen.eus\\\/es\\\/gobernanza-colaborativa\\\/#breadcrumb\",\"itemListElement\":[{\"@type\":\"ListItem\",\"position\":1,\"name\":\"Home\",\"item\":\"https:\\\/\\\/iraurgiberritzen.eus\\\/es\\\/\"},{\"@type\":\"ListItem\",\"position\":2,\"name\":\"Gobernanza Colaborativa\"}]},{\"@type\":\"WebSite\",\"@id\":\"https:\\\/\\\/iraurgiberritzen.eus\\\/es\\\/#website\",\"url\":\"https:\\\/\\\/iraurgiberritzen.eus\\\/es\\\/\",\"name\":\"Iraurgi Berritzen\",\"description\":\"Urola Erdiko Garapen Agentzia\",\"publisher\":{\"@id\":\"https:\\\/\\\/iraurgiberritzen.eus\\\/es\\\/#organization\"},\"potentialAction\":[{\"@type\":\"SearchAction\",\"target\":{\"@type\":\"EntryPoint\",\"urlTemplate\":\"https:\\\/\\\/iraurgiberritzen.eus\\\/es\\\/?s={search_term_string}\"},\"query-input\":{\"@type\":\"PropertyValueSpecification\",\"valueRequired\":true,\"valueName\":\"search_term_string\"}}],\"inLanguage\":\"es\"},{\"@type\":\"Organization\",\"@id\":\"https:\\\/\\\/iraurgiberritzen.eus\\\/es\\\/#organization\",\"name\":\"Iraurgi Berritzen\",\"url\":\"https:\\\/\\\/iraurgiberritzen.eus\\\/es\\\/\",\"logo\":{\"@type\":\"ImageObject\",\"inLanguage\":\"es\",\"@id\":\"https:\\\/\\\/iraurgiberritzen.eus\\\/es\\\/#\\\/schema\\\/logo\\\/image\\\/\",\"url\":\"https:\\\/\\\/iraurgiberritzen.eus\\\/wp-content\\\/uploads\\\/2024\\\/02\\\/IRAURGI-BERRITZEN-logotipoa_2.png\",\"contentUrl\":\"https:\\\/\\\/iraurgiberritzen.eus\\\/wp-content\\\/uploads\\\/2024\\\/02\\\/IRAURGI-BERRITZEN-logotipoa_2.png\",\"width\":496,\"height\":190,\"caption\":\"Iraurgi Berritzen\"},\"image\":{\"@id\":\"https:\\\/\\\/iraurgiberritzen.eus\\\/es\\\/#\\\/schema\\\/logo\\\/image\\\/\"}}]}<\/script>\n<!-- \/ Yoast SEO plugin. -->","yoast_head_json":{"title":"Gobernanza Colaborativa - Iraurgi Berritzen","robots":{"index":"index","follow":"follow","max-snippet":"max-snippet:-1","max-image-preview":"max-image-preview:large","max-video-preview":"max-video-preview:-1"},"canonical":"https:\/\/iraurgiberritzen.eus\/es\/gobernanza-colaborativa\/","og_locale":"es_ES","og_type":"article","og_title":"Gobernanza Colaborativa - Iraurgi Berritzen","og_description":"\u00bfA trav\u00e9s de qu\u00e9?\u00a0 La propuesta de valor de nuestra Gobernanza Colaborativa consiste en una clara orientaci\u00f3n a los agentes con los que colaboramos, basada en los principios de transparencia, cercan\u00eda y la confianza. \u00bfC\u00f3mo? Reforzamos la colaboraci\u00f3n p\u00fablico privada con los agentes de la comarca mediante siete espacios de trabajo denominados GUNEs: Tokiko Garapen [&hellip;]","og_url":"https:\/\/iraurgiberritzen.eus\/es\/gobernanza-colaborativa\/","og_site_name":"Iraurgi Berritzen","article_modified_time":"2025-06-27T06:46:28+00:00","og_image":[{"width":2000,"height":600,"url":"https:\/\/iraurgiberritzen.eus\/wp-content\/uploads\/2023\/12\/4-2.png","type":"image\/png"}],"twitter_card":"summary_large_image","twitter_misc":{"Tiempo de lectura":"1 minuto"},"schema":{"@context":"https:\/\/schema.org","@graph":[{"@type":"WebPage","@id":"https:\/\/iraurgiberritzen.eus\/es\/gobernanza-colaborativa\/","url":"https:\/\/iraurgiberritzen.eus\/es\/gobernanza-colaborativa\/","name":"Gobernanza Colaborativa - Iraurgi Berritzen","isPartOf":{"@id":"https:\/\/iraurgiberritzen.eus\/es\/#website"},"primaryImageOfPage":{"@id":"https:\/\/iraurgiberritzen.eus\/es\/gobernanza-colaborativa\/#primaryimage"},"image":{"@id":"https:\/\/iraurgiberritzen.eus\/es\/gobernanza-colaborativa\/#primaryimage"},"thumbnailUrl":"https:\/\/iraurgiberritzen.eus\/wp-content\/uploads\/2023\/12\/4-2.png","datePublished":"2023-12-21T13:32:05+00:00","dateModified":"2025-06-27T06:46:28+00:00","breadcrumb":{"@id":"https:\/\/iraurgiberritzen.eus\/es\/gobernanza-colaborativa\/#breadcrumb"},"inLanguage":"es","potentialAction":[{"@type":"ReadAction","target":["https:\/\/iraurgiberritzen.eus\/es\/gobernanza-colaborativa\/"]}]},{"@type":"ImageObject","inLanguage":"es","@id":"https:\/\/iraurgiberritzen.eus\/es\/gobernanza-colaborativa\/#primaryimage","url":"https:\/\/iraurgiberritzen.eus\/wp-content\/uploads\/2023\/12\/4-2.png","contentUrl":"https:\/\/iraurgiberritzen.eus\/wp-content\/uploads\/2023\/12\/4-2.png","width":2000,"height":600},{"@type":"BreadcrumbList","@id":"https:\/\/iraurgiberritzen.eus\/es\/gobernanza-colaborativa\/#breadcrumb","itemListElement":[{"@type":"ListItem","position":1,"name":"Home","item":"https:\/\/iraurgiberritzen.eus\/es\/"},{"@type":"ListItem","position":2,"name":"Gobernanza Colaborativa"}]},{"@type":"WebSite","@id":"https:\/\/iraurgiberritzen.eus\/es\/#website","url":"https:\/\/iraurgiberritzen.eus\/es\/","name":"Iraurgi Berritzen","description":"Urola Erdiko Garapen Agentzia","publisher":{"@id":"https:\/\/iraurgiberritzen.eus\/es\/#organization"},"potentialAction":[{"@type":"SearchAction","target":{"@type":"EntryPoint","urlTemplate":"https:\/\/iraurgiberritzen.eus\/es\/?s={search_term_string}"},"query-input":{"@type":"PropertyValueSpecification","valueRequired":true,"valueName":"search_term_string"}}],"inLanguage":"es"},{"@type":"Organization","@id":"https:\/\/iraurgiberritzen.eus\/es\/#organization","name":"Iraurgi Berritzen","url":"https:\/\/iraurgiberritzen.eus\/es\/","logo":{"@type":"ImageObject","inLanguage":"es","@id":"https:\/\/iraurgiberritzen.eus\/es\/#\/schema\/logo\/image\/","url":"https:\/\/iraurgiberritzen.eus\/wp-content\/uploads\/2024\/02\/IRAURGI-BERRITZEN-logotipoa_2.png","contentUrl":"https:\/\/iraurgiberritzen.eus\/wp-content\/uploads\/2024\/02\/IRAURGI-BERRITZEN-logotipoa_2.png","width":496,"height":190,"caption":"Iraurgi Berritzen"},"image":{"@id":"https:\/\/iraurgiberritzen.eus\/es\/#\/schema\/logo\/image\/"}}]}},"_links":{"self":[{"href":"https:\/\/iraurgiberritzen.eus\/es\/wp-json\/wp\/v2\/pages\/16476","targetHints":{"allow":["GET"]}}],"collection":[{"href":"https:\/\/iraurgiberritzen.eus\/es\/wp-json\/wp\/v2\/pages"}],"about":[{"href":"https:\/\/iraurgiberritzen.eus\/es\/wp-json\/wp\/v2\/types\/page"}],"author":[{"embeddable":true,"href":"https:\/\/iraurgiberritzen.eus\/es\/wp-json\/wp\/v2\/users\/1"}],"replies":[{"embeddable":true,"href":"https:\/\/iraurgiberritzen.eus\/es\/wp-json\/wp\/v2\/comments?post=16476"}],"version-history":[{"count":44,"href":"https:\/\/iraurgiberritzen.eus\/es\/wp-json\/wp\/v2\/pages\/16476\/revisions"}],"predecessor-version":[{"id":24003,"href":"https:\/\/iraurgiberritzen.eus\/es\/wp-json\/wp\/v2\/pages\/16476\/revisions\/24003"}],"wp:featuredmedia":[{"embeddable":true,"href":"https:\/\/iraurgiberritzen.eus\/es\/wp-json\/wp\/v2\/media\/16537"}],"wp:attachment":[{"href":"https:\/\/iraurgiberritzen.eus\/es\/wp-json\/wp\/v2\/media?parent=16476"}],"curies":[{"name":"wp","href":"https:\/\/api.w.org\/{rel}","templated":true}]}}

<p class="gorria"><strong>¿A través de qué? </strong></p>
<div class="row">
<div class="col-md-12 col-xs-12">
<p>La <strong>propuesta de valor</strong> de nuestra Gobernanza Colaborativa consiste en una<strong> clara orientación a los agentes con los que colaboramos, </strong>basada en los principios de <strong>transparencia, cercanía y la confianza</strong>.</p>
</div>
</div>
<p class="gorria"><strong>¿Cómo?</strong></p>
<div class="row">
<div class="col-md-12 col-xs-12">
<p>Reforzamos la colaboración público privada con los agentes de la comarca mediante <strong>siete espacios de trabajo denominados GUNEs</strong>: Tokiko Garapen Gunea, Industria Gunea, Hezkuntza Gunea, Urolanprest Enplegu Gunea, Ekintzailetza Gunea, Merkataritza Gunea y Turismo Gunea. Estos foros cuentan con estructuras estables y procedimientos concretos que han sido consensuados de manera conjunta.</p>
<p class="gorria"><strong>¿Para qué?</strong></p>
</div>
<div><strong>Analizar, decidir y actua</strong>r para dar respuesta a los retos y necesidades específicas de la comarca.</div>
</div>

<p>¿A través de qué?  La propuesta de valor de nuestra Gobernanza Colaborativa consiste en una clara orientación a los agentes con los que colaboramos, basada en los principios de transparencia, cercanía y la confianza. ¿Cómo? Reforzamos la colaboración público privada con los agentes de la comarca mediante siete espacios de trabajo denominados GUNEs: Tokiko Garapen [&hellip;]</p>

<!-- This site is optimized with the Yoast SEO plugin v27.4 - https://yoast.com/product/yoast-seo-wordpress/ -->
<title>Gobernanza Colaborativa - Iraurgi Berritzen</title>
<meta name="robots" content="index, follow, max-snippet:-1, max-image-preview:large, max-video-preview:-1" />
<link rel="canonical" href="https://iraurgiberritzen.eus/es/gobernanza-colaborativa/" />
<meta property="og:locale" content="es_ES" />
<meta property="og:type" content="article" />
<meta property="og:title" content="Gobernanza Colaborativa - Iraurgi Berritzen" />
<meta property="og:description" content="¿A través de qué?  La propuesta de valor de nuestra Gobernanza Colaborativa consiste en una clara orientación a los agentes con los que colaboramos, basada en los principios de transparencia, cercanía y la confianza. ¿Cómo? Reforzamos la colaboración público privada con los agentes de la comarca mediante siete espacios de trabajo denominados GUNEs: Tokiko Garapen [&hellip;]" />
<meta property="og:url" content="https://iraurgiberritzen.eus/es/gobernanza-colaborativa/" />
<meta property="og:site_name" content="Iraurgi Berritzen" />
<meta property="article:modified_time" content="2025-06-27T06:46:28+00:00" />
<meta property="og:image" content="https://iraurgiberritzen.eus/wp-content/uploads/2023/12/4-2.png" />
	<meta property="og:image:width" content="2000" />
	<meta property="og:image:height" content="600" />
	<meta property="og:image:type" content="image/png" />
<meta name="twitter:card" content="summary_large_image" />
<meta name="twitter:label1" content="Tiempo de lectura" />
	<meta name="twitter:data1" content="1 minuto" />
<script type="application/ld+json" class="yoast-schema-graph">{"@context":"https:\/\/schema.org","@graph":[{"@type":"WebPage","@id":"https:\/\/iraurgiberritzen.eus\/es\/gobernanza-colaborativa\/","url":"https:\/\/iraurgiberritzen.eus\/es\/gobernanza-colaborativa\/","name":"Gobernanza Colaborativa - Iraurgi Berritzen","isPartOf":{"@id":"https:\/\/iraurgiberritzen.eus\/es\/#website"},"primaryImageOfPage":{"@id":"https:\/\/iraurgiberritzen.eus\/es\/gobernanza-colaborativa\/#primaryimage"},"image":{"@id":"https:\/\/iraurgiberritzen.eus\/es\/gobernanza-colaborativa\/#primaryimage"},"thumbnailUrl":"https:\/\/iraurgiberritzen.eus\/wp-content\/uploads\/2023\/12\/4-2.png","datePublished":"2023-12-21T13:32:05+00:00","dateModified":"2025-06-27T06:46:28+00:00","breadcrumb":{"@id":"https:\/\/iraurgiberritzen.eus\/es\/gobernanza-colaborativa\/#breadcrumb"},"inLanguage":"es","potentialAction":[{"@type":"ReadAction","target":["https:\/\/iraurgiberritzen.eus\/es\/gobernanza-colaborativa\/"]}]},{"@type":"ImageObject","inLanguage":"es","@id":"https:\/\/iraurgiberritzen.eus\/es\/gobernanza-colaborativa\/#primaryimage","url":"https:\/\/iraurgiberritzen.eus\/wp-content\/uploads\/2023\/12\/4-2.png","contentUrl":"https:\/\/iraurgiberritzen.eus\/wp-content\/uploads\/2023\/12\/4-2.png","width":2000,"height":600},{"@type":"BreadcrumbList","@id":"https:\/\/iraurgiberritzen.eus\/es\/gobernanza-colaborativa\/#breadcrumb","itemListElement":[{"@type":"ListItem","position":1,"name":"Home","item":"https:\/\/iraurgiberritzen.eus\/es\/"},{"@type":"ListItem","position":2,"name":"Gobernanza Colaborativa"}]},{"@type":"WebSite","@id":"https:\/\/iraurgiberritzen.eus\/es\/#website","url":"https:\/\/iraurgiberritzen.eus\/es\/","name":"Iraurgi Berritzen","description":"Urola Erdiko Garapen Agentzia","publisher":{"@id":"https:\/\/iraurgiberritzen.eus\/es\/#organization"},"potentialAction":[{"@type":"SearchAction","target":{"@type":"EntryPoint","urlTemplate":"https:\/\/iraurgiberritzen.eus\/es\/?s={search_term_string}"},"query-input":{"@type":"PropertyValueSpecification","valueRequired":true,"valueName":"search_term_string"}}],"inLanguage":"es"},{"@type":"Organization","@id":"https:\/\/iraurgiberritzen.eus\/es\/#organization","name":"Iraurgi Berritzen","url":"https:\/\/iraurgiberritzen.eus\/es\/","logo":{"@type":"ImageObject","inLanguage":"es","@id":"https:\/\/iraurgiberritzen.eus\/es\/#\/schema\/logo\/image\/","url":"https:\/\/iraurgiberritzen.eus\/wp-content\/uploads\/2024\/02\/IRAURGI-BERRITZEN-logotipoa_2.png","contentUrl":"https:\/\/iraurgiberritzen.eus\/wp-content\/uploads\/2024\/02\/IRAURGI-BERRITZEN-logotipoa_2.png","width":496,"height":190,"caption":"Iraurgi Berritzen"},"image":{"@id":"https:\/\/iraurgiberritzen.eus\/es\/#\/schema\/logo\/image\/"}}]}</script>
<!-- / Yoast SEO plugin. -->

¿A través de qué?  La propuesta de valor de nuestra Gobernanza Colaborativa consiste en una clara orientación a los agentes con los que colaboramos, basada en los principios de transparencia, cercanía y la confianza. ¿Cómo? Reforzamos la colaboración público privada con los agentes de la comarca mediante siete espacios de trabajo denominados GUNEs: Tokiko Garapen [&hellip;]
